CRAN Package Check Results for Package checkr

Last updated on 2022-06-26 11:52:28 CEST.

Flavor Version Tinstall Tcheck Ttotal Status Flags
r-devel-linux-x86_64-debian-clang 0.5.0 4.80 42.48 47.28 NOTE
r-devel-linux-x86_64-debian-gcc 0.5.0 3.44 32.73 36.17 NOTE
r-devel-linux-x86_64-fedora-clang 0.5.0 66.46 NOTE
r-devel-linux-x86_64-fedora-gcc 0.5.0 65.43 NOTE
r-devel-windows-x86_64 0.5.0 39.00 93.00 132.00 NOTE
r-patched-linux-x86_64 0.5.0 5.72 41.00 46.72 NOTE
r-release-linux-x86_64 0.5.0 2.55 41.31 43.86 NOTE
r-release-macos-arm64 0.5.0 20.00 NOTE
r-release-macos-x86_64 0.5.0 40.00 NOTE
r-release-windows-x86_64 0.5.0 38.00 78.00 116.00 NOTE
r-oldrel-macos-arm64 0.5.0 29.00 NOTE
r-oldrel-macos-x86_64 0.5.0 53.00 NOTE
r-oldrel-windows-ix86+x86_64 0.5.0 7.00 64.00 71.00 NOTE

Check Details

Version: 0.5.0
Check: LazyData
Result: NOTE
     'LazyData' is specified without a 'data' directory
Flavors: r-devel-linux-x86_64-debian-clang, r-devel-linux-x86_64-debian-gcc, r-devel-linux-x86_64-fedora-clang, r-devel-linux-x86_64-fedora-gcc, r-devel-windows-x86_64, r-patched-linux-x86_64, r-release-linux-x86_64, r-release-macos-arm64, r-release-macos-x86_64, r-release-windows-x86_64, r-oldrel-macos-arm64, r-oldrel-macos-x86_64, r-oldrel-windows-ix86+x86_64