Last updated on 2024-04-24 11:20:46 CEST.
Flavor | Version | Tinstall | Tcheck | Ttotal | Status | Flags |
---|---|---|---|---|---|---|
r-devel-linux-x86_64-debian-clang | 0.1.0 | 11.17 | 107.65 | 118.82 | NOTE | |
r-devel-linux-x86_64-debian-gcc | 0.1.0 | 8.55 | 79.16 | 87.71 | NOTE | |
r-devel-linux-x86_64-fedora-clang | 0.1.0 | 154.09 | NOTE | |||
r-devel-linux-x86_64-fedora-gcc | 0.1.0 | 148.90 | NOTE | |||
r-devel-windows-x86_64 | 0.1.0 | 12.00 | 179.00 | 191.00 | NOTE | |
r-patched-linux-x86_64 | 0.1.0 | 19.34 | 101.86 | 121.20 | NOTE | |
r-release-linux-x86_64 | 0.1.0 | 10.44 | 101.83 | 112.27 | NOTE | |
r-release-macos-arm64 | 0.1.0 | 43.00 | NOTE | |||
r-release-windows-x86_64 | 0.1.0 | 12.00 | 178.00 | 190.00 | NOTE | |
r-oldrel-macos-arm64 | 0.1.0 | 40.00 | NOTE | |||
r-oldrel-macos-x86_64 | 0.1.0 | 78.00 | NOTE | |||
r-oldrel-windows-x86_64 | 0.1.0 | 70.00 | 133.00 | 203.00 | NOTE |
Version: 0.1.0
Check: LazyData
Result: NOTE
'LazyData' is specified without a 'data' directory
Flavors: r-devel-linux-x86_64-debian-clang, r-devel-linux-x86_64-debian-gcc, r-devel-linux-x86_64-fedora-clang, r-devel-linux-x86_64-fedora-gcc, r-devel-windows-x86_64, r-patched-linux-x86_64, r-release-linux-x86_64, r-release-macos-arm64, r-release-windows-x86_64, r-oldrel-macos-arm64, r-oldrel-macos-x86_64, r-oldrel-windows-x86_64