Last updated on 2024-04-28 12:54:27 CEST.
Flavor | Version | Tinstall | Tcheck | Ttotal | Status | Flags |
---|---|---|---|---|---|---|
r-devel-linux-x86_64-debian-clang | 0.2.3 | 4.33 | 39.51 | 43.84 | NOTE | |
r-devel-linux-x86_64-debian-gcc | 0.2.3 | 3.65 | 29.71 | 33.36 | NOTE | |
r-devel-linux-x86_64-fedora-clang | 0.2.3 | 57.28 | NOTE | |||
r-devel-linux-x86_64-fedora-gcc | 0.2.3 | 54.70 | NOTE | |||
r-devel-windows-x86_64 | 0.2.3 | 6.00 | 52.00 | 58.00 | NOTE | |
r-patched-linux-x86_64 | 0.2.3 | 4.40 | 37.62 | 42.02 | NOTE | |
r-release-linux-x86_64 | 0.2.3 | 4.49 | 37.53 | 42.02 | OK | |
r-release-macos-arm64 | 0.2.3 | 20.00 | NOTE | |||
r-release-windows-x86_64 | 0.2.3 | 5.00 | 52.00 | 57.00 | NOTE | |
r-oldrel-macos-arm64 | 0.2.3 | 21.00 | OK | |||
r-oldrel-macos-x86_64 | 0.2.3 | 43.00 | OK | |||
r-oldrel-windows-x86_64 | 0.2.3 | 6.00 | 55.00 | 61.00 | OK |
Version: 0.2.3
Check: Rd files
Result: NOTE
checkRd: (-1) create_unit_tests.Rd:17: Lost braces; missing escapes or markup?
17 | Create `{testthat}` test cases for the code.
| ^
Flavors: r-devel-linux-x86_64-debian-clang, r-devel-linux-x86_64-debian-gcc, r-devel-linux-x86_64-fedora-clang, r-devel-linux-x86_64-fedora-gcc, r-devel-windows-x86_64, r-patched-linux-x86_64, r-release-macos-arm64, r-release-windows-x86_64