Last updated on 2024-03-28 09:51:38 CET.
Flavor | Version | Tinstall | Tcheck | Ttotal | Status | Flags |
---|---|---|---|---|---|---|
r-devel-linux-x86_64-debian-clang | 4.1 | 3.74 | 31.19 | 34.93 | OK | |
r-devel-linux-x86_64-debian-gcc | 4.1 | 2.59 | 24.84 | 27.43 | OK | |
r-devel-linux-x86_64-fedora-clang | 4.1 | 44.30 | NOTE | |||
r-devel-linux-x86_64-fedora-gcc | 4.1 | 42.74 | OK | |||
r-devel-windows-x86_64 | 4.1 | 5.00 | 50.00 | 55.00 | OK | |
r-patched-linux-x86_64 | 4.1 | 4.03 | 32.22 | 36.25 | OK | |
r-release-linux-x86_64 | 4.1 | 3.78 | 31.83 | 35.61 | OK | |
r-release-macos-arm64 | 4.1 | 21.00 | OK | |||
r-release-macos-x86_64 | 4.1 | 42.00 | OK | |||
r-release-windows-x86_64 | 4.1 | 3.00 | 52.00 | 55.00 | OK | |
r-oldrel-macos-arm64 | 4.1 | 23.00 | OK | |||
r-oldrel-windows-x86_64 | 4.1 | 6.00 | 60.00 | 66.00 | OK |
Version: 4.1
Check: Rd cross-references
Result: NOTE
Undeclared packages ‘bigBits’, ‘dplyr’, ‘matrixStats’, ‘filesstrings’, ‘pracma’, ‘sf’ in Rd xrefs
Flavor: r-devel-linux-x86_64-fedora-clang