Last updated on 2024-03-28 09:51:38 CET.
Flavor | Version | Tinstall | Tcheck | Ttotal | Status | Flags |
---|---|---|---|---|---|---|
r-devel-linux-x86_64-debian-clang | 1.0.0 | 7.52 | 206.13 | 213.65 | NOTE | |
r-devel-linux-x86_64-debian-gcc | 1.0.0 | 4.81 | 149.30 | 154.11 | NOTE | |
r-devel-linux-x86_64-fedora-clang | 1.0.0 | 279.03 | NOTE | |||
r-devel-linux-x86_64-fedora-gcc | 1.0.0 | 429.35 | NOTE | |||
r-devel-windows-x86_64 | 1.0.0 | 8.00 | 189.00 | 197.00 | NOTE | |
r-patched-linux-x86_64 | 1.0.0 | 8.75 | 200.08 | 208.83 | NOTE | |
r-release-linux-x86_64 | 1.0.0 | 6.36 | 194.05 | 200.41 | OK | |
r-release-macos-arm64 | 1.0.0 | 163.00 | OK | |||
r-release-macos-x86_64 | 1.0.0 | 387.00 | OK | |||
r-release-windows-x86_64 | 1.0.0 | 9.00 | 204.00 | 213.00 | OK | |
r-oldrel-macos-arm64 | 1.0.0 | 207.00 | OK | |||
r-oldrel-windows-x86_64 | 1.0.0 | 11.00 | 231.00 | 242.00 | OK |
Version: 1.0.0
Check: HTML version of manual
Result: NOTE
Found the following HTML validation problems:
cff_read_bib_text.html:52:1 (cff_read_bib_text.Rd:17): Warning: trimming empty <dt>
Flavors: r-devel-linux-x86_64-debian-clang, r-devel-linux-x86_64-debian-gcc, r-devel-linux-x86_64-fedora-clang, r-devel-linux-x86_64-fedora-gcc, r-devel-windows-x86_64, r-patched-linux-x86_64