CRAN Package Check Results for Package ceser

Last updated on 2022-07-04 12:54:06 CEST.

Flavor Version Tinstall Tcheck Ttotal Status Flags
r-devel-linux-x86_64-debian-clang 1.0.0 2.70 33.89 36.59 OK
r-devel-linux-x86_64-debian-gcc 1.0.0 2.38 26.11 28.49 OK
r-devel-linux-x86_64-fedora-clang 1.0.0 54.53 NOTE
r-devel-linux-x86_64-fedora-gcc 1.0.0 53.32 NOTE
r-devel-windows-x86_64 1.0.0 6.00 59.00 65.00 OK
r-patched-linux-x86_64 1.0.0 2.71 33.08 35.79 OK
r-release-linux-x86_64 1.0.0 2.47 32.29 34.76 OK
r-release-macos-arm64 1.0.0 19.00 NOTE
r-release-macos-x86_64 1.0.0 35.00 NOTE
r-release-windows-x86_64 1.0.0 14.00 61.00 75.00 OK
r-oldrel-macos-arm64 1.0.0 20.00 NOTE
r-oldrel-macos-x86_64 1.0.0 33.00 NOTE
r-oldrel-windows-ix86+x86_64 1.0.0 7.00 52.00 59.00 OK

Check Details

Version: 1.0.0
Check: dependencies in R code
Result: NOTE
    Namespace in Imports field not imported from: ‘lmtest’
     All declared Imports should be used.
Flavors: r-devel-linux-x86_64-fedora-clang, r-devel-linux-x86_64-fedora-gcc, r-release-macos-arm64, r-release-macos-x86_64, r-oldrel-macos-arm64, r-oldrel-macos-x86_64