Last updated on 2024-04-24 11:20:46 CEST.
Flavor | Version | Tinstall | Tcheck | Ttotal | Status | Flags |
---|---|---|---|---|---|---|
r-devel-linux-x86_64-debian-clang | 0.1.0 | 3.46 | 38.28 | 41.74 | NOTE | |
r-devel-linux-x86_64-debian-gcc | 0.1.0 | 2.13 | 29.01 | 31.14 | NOTE | |
r-devel-linux-x86_64-fedora-clang | 0.1.0 | 55.39 | NOTE | |||
r-devel-linux-x86_64-fedora-gcc | 0.1.0 | 64.56 | NOTE | |||
r-devel-windows-x86_64 | 0.1.0 | 4.00 | 50.00 | 54.00 | NOTE | |
r-patched-linux-x86_64 | 0.1.0 | 2.01 | 36.34 | 38.35 | NOTE | |
r-release-linux-x86_64 | 0.1.0 | 1.90 | 35.40 | 37.30 | NOTE | |
r-release-macos-arm64 | 0.1.0 | 30.00 | NOTE | |||
r-release-windows-x86_64 | 0.1.0 | 4.00 | 56.00 | 60.00 | NOTE | |
r-oldrel-macos-arm64 | 0.1.0 | 24.00 | OK | |||
r-oldrel-macos-x86_64 | 0.1.0 | 42.00 | NOTE | |||
r-oldrel-windows-x86_64 | 0.1.0 | 4.00 | 56.00 | 60.00 | OK |
Version: 0.1.0
Check: package subdirectories
Result: NOTE
Problems with news in ‘NEWS.md’:
No news entries found.
Flavors: r-devel-linux-x86_64-debian-clang, r-devel-linux-x86_64-debian-gcc, r-devel-linux-x86_64-fedora-clang, r-devel-linux-x86_64-fedora-gcc, r-devel-windows-x86_64, r-patched-linux-x86_64, r-release-linux-x86_64, r-release-macos-arm64, r-release-windows-x86_64, r-oldrel-macos-x86_64