Last updated on 2024-04-23 10:53:58 CEST.
Flavor | Version | Tinstall | Tcheck | Ttotal | Status | Flags |
---|---|---|---|---|---|---|
r-devel-linux-x86_64-debian-clang | 0.9.5 | 30.54 | 292.22 | 322.76 | OK | |
r-devel-linux-x86_64-debian-gcc | 0.9.5 | 23.83 | 200.45 | 224.28 | OK | |
r-devel-linux-x86_64-fedora-clang | 0.9.5 | 415.33 | OK | |||
r-devel-linux-x86_64-fedora-gcc | 0.9.5 | 383.38 | OK | |||
r-prerel-macos-arm64 | 0.9.5 | 84.00 | OK | |||
r-prerel-macos-x86_64 | 0.9.5 | 265.00 | NOTE | |||
r-prerel-windows-x86_64 | 0.9.5 | 26.00 | 170.00 | 196.00 | OK | |
r-patched-linux-x86_64 | 0.9.5 | 27.40 | 273.98 | 301.38 | OK | |
r-release-linux-x86_64 | 0.9.5 | 27.29 | 274.69 | 301.98 | OK | |
r-release-macos-arm64 | 0.9.5 | 83.00 | OK | |||
r-release-macos-x86_64 | 0.9.5 | 192.00 | OK | |||
r-release-windows-x86_64 | 0.9.5 | 32.00 | 232.00 | 264.00 | OK | |
r-oldrel-macos-arm64 | 0.9.5 | 81.00 | OK | |||
r-oldrel-windows-x86_64 | 0.9.5 | 36.00 | 223.00 | 259.00 | OK |
Version: 0.9.5
Check: installed package size
Result: NOTE
installed size is 5.0Mb
sub-directories of 1Mb or more:
R 2.2Mb
help 2.1Mb
Flavor: r-prerel-macos-x86_64