Last updated on 2024-04-19 11:56:40 CEST.
Flavor | Version | Tinstall | Tcheck | Ttotal | Status | Flags |
---|---|---|---|---|---|---|
r-devel-linux-x86_64-debian-clang | 1.0.2 | 57.32 | 154.80 | 212.12 | OK | |
r-devel-linux-x86_64-debian-gcc | 1.0.2 | OK | ||||
r-devel-linux-x86_64-fedora-clang | 1.0.2 | 295.24 | OK | |||
r-devel-linux-x86_64-fedora-gcc | 1.0.2 | 289.40 | OK | |||
r-prerel-macos-arm64 | 1.0.2 | 112.00 | NOTE | |||
r-prerel-windows-x86_64 | 1.0.2 | 54.00 | 131.00 | 185.00 | OK | |
r-patched-linux-x86_64 | 1.0.2 | 43.47 | 148.84 | 192.31 | OK | |
r-release-linux-x86_64 | 1.0.2 | 41.88 | 154.60 | 196.48 | OK | |
r-release-macos-arm64 | 1.0.2 | 108.00 | NOTE | |||
r-release-macos-x86_64 | 1.0.2 | 383.00 | NOTE | |||
r-release-windows-x86_64 | 1.0.2 | 73.00 | 165.00 | 238.00 | OK | |
r-oldrel-macos-arm64 | 1.0.2 | 122.00 | NOTE | |||
r-oldrel-windows-x86_64 | 1.0.2 | 73.00 | 166.00 | 239.00 | OK |
Version: 1.0.2
Check: installed package size
Result: NOTE
installed size is 5.9Mb
sub-directories of 1Mb or more:
data 5.5Mb
Flavors: r-prerel-macos-arm64, r-release-macos-arm64, r-release-macos-x86_64, r-oldrel-macos-arm64