Last updated on 2025-10-24 10:50:04 CEST.
| Flavor | Version | Tinstall | Tcheck | Ttotal | Status | Flags |
|---|---|---|---|---|---|---|
| r-devel-linux-x86_64-debian-clang | 0.1.6 | 24.92 | 43.70 | 68.62 | NOTE | |
| r-devel-linux-x86_64-debian-gcc | 0.1.6 | 16.62 | 32.72 | 49.34 | OK | |
| r-devel-linux-x86_64-fedora-clang | 0.1.6 | 26.00 | 59.66 | 85.66 | OK | |
| r-devel-linux-x86_64-fedora-gcc | 0.1.6 | 51.00 | 59.51 | 110.51 | OK | |
| r-devel-windows-x86_64 | 0.1.6 | 32.00 | 75.00 | 107.00 | OK | |
| r-patched-linux-x86_64 | 0.1.6 | 25.33 | 41.09 | 66.42 | OK | |
| r-release-linux-x86_64 | 0.1.6 | 23.64 | 41.03 | 64.67 | OK | |
| r-release-macos-arm64 | 0.1.6 | 14.00 | 26.00 | 40.00 | OK | |
| r-release-macos-x86_64 | 0.1.6 | 13.00 | 40.00 | 53.00 | OK | |
| r-release-windows-x86_64 | 0.1.6 | 34.00 | 78.00 | 112.00 | OK | |
| r-oldrel-macos-arm64 | 0.1.6 | 12.00 | 21.00 | 33.00 | OK | |
| r-oldrel-macos-x86_64 | 0.1.6 | 18.00 | 52.00 | 70.00 | OK | |
| r-oldrel-windows-x86_64 | 0.1.6 | 38.00 | 94.00 | 132.00 | OK |
Version: 0.1.6
Check: HTML version of manual
Result: NOTE
Found the following HTML validation problems:
bRTM.html:73:1 (bRTM.Rd:28): Warning: missing </ul> before </div>
Flavor: r-devel-linux-x86_64-debian-clang