Last updated on 2024-04-23 10:53:58 CEST.
Flavor | Version | Tinstall | Tcheck | Ttotal | Status | Flags |
---|---|---|---|---|---|---|
r-devel-linux-x86_64-debian-clang | 0.1.0 | 14.42 | 108.83 | 123.25 | OK | |
r-devel-linux-x86_64-debian-gcc | 0.1.0 | 10.44 | 80.50 | 90.94 | OK | |
r-devel-linux-x86_64-fedora-clang | 0.1.0 | 164.92 | NOTE | |||
r-devel-linux-x86_64-fedora-gcc | 0.1.0 | 148.70 | NOTE | |||
r-prerel-macos-arm64 | 0.1.0 | 43.00 | OK | |||
r-prerel-windows-x86_64 | 0.1.0 | 13.00 | 92.00 | 105.00 | OK | |
r-patched-linux-x86_64 | 0.1.0 | 12.66 | 103.65 | 116.31 | OK | |
r-release-linux-x86_64 | 0.1.0 | 15.81 | 106.88 | 122.69 | OK | |
r-release-macos-arm64 | 0.1.0 | 43.00 | OK | |||
r-release-macos-x86_64 | 0.1.0 | 78.00 | OK | |||
r-release-windows-x86_64 | 0.1.0 | 16.00 | 114.00 | 130.00 | OK | |
r-oldrel-macos-arm64 | 0.1.0 | 41.00 | NOTE | |||
r-oldrel-windows-x86_64 | 0.1.0 | 17.00 | 116.00 | 133.00 | OK |
Version: 0.1.0
Check: dependencies in R code
Result: NOTE
Namespace in Imports field not imported from: ‘methods’
All declared Imports should be used.
Flavors: r-devel-linux-x86_64-fedora-clang, r-devel-linux-x86_64-fedora-gcc, r-oldrel-macos-arm64