CRAN Package Check Results for Package ccid

Last updated on 2022-06-26 11:52:27 CEST.

Flavor Version Tinstall Tcheck Ttotal Status Flags
r-devel-linux-x86_64-debian-clang 1.2.0 4.15 164.42 168.57 OK
r-devel-linux-x86_64-debian-gcc 1.2.0 2.99 106.35 109.34 OK
r-devel-linux-x86_64-fedora-clang 1.2.0 210.87 WARN
r-devel-linux-x86_64-fedora-gcc 1.2.0 207.51 WARN
r-devel-windows-x86_64 1.2.0 13.00 176.00 189.00 OK
r-patched-linux-x86_64 1.2.0 3.99 159.27 163.26 OK
r-release-linux-x86_64 1.2.0 3.86 159.77 163.63 OK
r-release-macos-arm64 1.2.0 43.00 NOTE
r-release-macos-x86_64 1.2.0 79.00 NOTE
r-release-windows-x86_64 1.2.0 10.00 174.00 184.00 OK
r-oldrel-macos-arm64 1.2.0 54.00 NOTE
r-oldrel-macos-x86_64 1.2.0 77.00 NOTE
r-oldrel-windows-ix86+x86_64 1.2.0 8.00 181.00 189.00 OK

Check Details

Version: 1.2.0
Check: package dependencies
Result: WARN
    Requires (indirectly) orphaned package: ‘gtools’
Flavors: r-devel-linux-x86_64-fedora-clang, r-devel-linux-x86_64-fedora-gcc

Version: 1.2.0
Check: dependencies in R code
Result: NOTE
    Namespace in Imports field not imported from: ‘GeneNet’
     All declared Imports should be used.
Flavors: r-devel-linux-x86_64-fedora-clang, r-devel-linux-x86_64-fedora-gcc, r-release-macos-arm64, r-release-macos-x86_64, r-oldrel-macos-arm64, r-oldrel-macos-x86_64