Last updated on 2022-06-26 11:52:27 CEST.
Flavor | Version | Tinstall | Tcheck | Ttotal | Status | Flags |
---|---|---|---|---|---|---|
r-devel-linux-x86_64-debian-clang | 0.2-7 | 221.41 | 66.02 | 287.43 | OK | |
r-devel-linux-x86_64-debian-gcc | 0.2-7 | 187.32 | 48.01 | 235.33 | OK | |
r-devel-linux-x86_64-fedora-clang | 0.2-7 | 491.17 | NOTE | |||
r-devel-linux-x86_64-fedora-gcc | 0.2-7 | 409.94 | OK | |||
r-devel-windows-x86_64 | 0.2-7 | 170.00 | 121.00 | 291.00 | OK | |
r-patched-linux-x86_64 | 0.2-7 | 199.43 | 63.89 | 263.32 | OK | |
r-release-linux-x86_64 | 0.2-7 | 207.19 | 64.09 | 271.28 | OK | |
r-release-macos-arm64 | 0.2-7 | 94.00 | NOTE | |||
r-release-macos-x86_64 | 0.2-7 | 122.00 | NOTE | |||
r-release-windows-x86_64 | 0.2-7 | 170.00 | 120.00 | 290.00 | OK | |
r-oldrel-macos-arm64 | 0.2-7 | 105.00 | NOTE | |||
r-oldrel-macos-x86_64 | 0.2-7 | 211.00 | NOTE | |||
r-oldrel-windows-ix86+x86_64 | 0.2-7 | 525.00 | 137.00 | 662.00 | OK |
Version: 0.2-7
Check: installed package size
Result: NOTE
installed size is 14.2Mb
sub-directories of 1Mb or more:
libs 13.9Mb
Flavors: r-devel-linux-x86_64-fedora-clang, r-release-macos-arm64, r-release-macos-x86_64, r-oldrel-macos-arm64, r-oldrel-macos-x86_64