CRAN Package Check Results for Package cbanalysis

Last updated on 2025-04-29 12:52:31 CEST.

Flavor Version Tinstall Tcheck Ttotal Status Flags
r-devel-linux-x86_64-debian-clang 0.2.0 1.68 16.94 18.62 OK
r-devel-linux-x86_64-debian-gcc 0.2.0 1.29 14.18 15.47 OK
r-devel-linux-x86_64-fedora-clang 0.2.0 29.12 OK
r-devel-linux-x86_64-fedora-gcc 0.2.0 27.64 OK
r-devel-windows-x86_64 0.2.0 3.00 38.00 41.00 OK
r-patched-linux-x86_64 0.2.0 1.65 16.24 17.89 OK
r-release-linux-x86_64 0.2.0 1.76 16.28 18.04 OK
r-release-macos-arm64 0.2.0 17.00 OK
r-release-macos-x86_64 0.2.0 26.00 OK
r-release-windows-x86_64 0.2.0 3.00 41.00 44.00 OK
r-oldrel-macos-arm64 0.2.0 21.00 NOTE
r-oldrel-macos-x86_64 0.2.0 23.00 NOTE
r-oldrel-windows-x86_64 0.2.0 3.00 38.00 41.00 NOTE

Check Details

Version: 0.2.0
Check: LazyData
Result: NOTE 'LazyData' is specified without a 'data' directory Flavors: r-oldrel-macos-arm64, r-oldrel-macos-x86_64, r-oldrel-windows-x86_64