CRAN Package Check Results for Package causaldata

Last updated on 2022-11-28 10:57:15 CET.

Flavor Version Tinstall Tcheck Ttotal Status Flags
r-devel-linux-x86_64-debian-clang 0.1.3 7.24 43.84 51.08 OK
r-devel-linux-x86_64-debian-gcc 0.1.3 6.51 34.04 40.55 OK
r-devel-linux-x86_64-fedora-clang 0.1.3 84.73 NOTE
r-devel-linux-x86_64-fedora-gcc 0.1.3 73.41 NOTE
r-devel-windows-x86_64 0.1.3 38.00 77.00 115.00 OK
r-patched-linux-x86_64 0.1.3 8.65 40.89 49.54 OK
r-release-linux-x86_64 0.1.3 5.77 41.14 46.91 OK
r-release-macos-arm64 0.1.3 19.00 NOTE
r-release-macos-x86_64 0.1.3 32.00 NOTE
r-release-windows-x86_64 0.1.3 42.00 71.00 113.00 OK
r-oldrel-macos-arm64 0.1.3 119.00 NOTE
r-oldrel-macos-x86_64 0.1.3 35.00 NOTE
r-oldrel-windows-ix86+x86_64 0.1.3 16.00 66.00 82.00 OK

Check Details

Version: 0.1.3
Check: data for non-ASCII characters
Result: NOTE
     Note: found 32 marked UTF-8 strings
Flavors: r-devel-linux-x86_64-fedora-clang, r-devel-linux-x86_64-fedora-gcc, r-release-macos-arm64, r-release-macos-x86_64, r-oldrel-macos-arm64, r-oldrel-macos-x86_64