Last updated on 2023-12-04 13:50:44 CET.
Flavor | Version | Tinstall | Tcheck | Ttotal | Status | Flags |
---|---|---|---|---|---|---|
r-devel-linux-x86_64-debian-clang | 0.1.3 | 7.09 | 42.14 | 49.23 | OK | |
r-devel-linux-x86_64-debian-gcc | 0.1.3 | 6.66 | 32.47 | 39.13 | OK | |
r-devel-linux-x86_64-fedora-clang | 0.1.3 | 60.78 | NOTE | |||
r-devel-linux-x86_64-fedora-gcc | 0.1.3 | 58.74 | NOTE | |||
r-devel-windows-x86_64 | 0.1.3 | 8.00 | 56.00 | 64.00 | OK | |
r-patched-linux-x86_64 | 0.1.3 | 8.85 | 41.22 | 50.07 | OK | |
r-release-linux-x86_64 | 0.1.3 | 6.62 | 41.36 | 47.98 | OK | |
r-release-macos-arm64 | 0.1.3 | 24.00 | OK | |||
r-release-macos-x86_64 | 0.1.3 | 37.00 | OK | |||
r-release-windows-x86_64 | 0.1.3 | 12.00 | 60.00 | 72.00 | OK | |
r-oldrel-macos-arm64 | 0.1.3 | 19.00 | NOTE | |||
r-oldrel-macos-x86_64 | 0.1.3 | 32.00 | NOTE | |||
r-oldrel-windows-x86_64 | 0.1.3 | 11.00 | 58.00 | 69.00 | OK |
Version: 0.1.3
Check: data for non-ASCII characters
Result: NOTE
Note: found 32 marked UTF-8 strings
Flavors: r-devel-linux-x86_64-fedora-clang, r-devel-linux-x86_64-fedora-gcc, r-oldrel-macos-arm64, r-oldrel-macos-x86_64