Last updated on 2024-04-24 11:20:46 CEST.
Flavor | Version | Tinstall | Tcheck | Ttotal | Status | Flags |
---|---|---|---|---|---|---|
r-devel-linux-x86_64-debian-clang | 0.1.3 | 8.54 | 42.01 | 50.55 | OK | |
r-devel-linux-x86_64-debian-gcc | 0.1.3 | 6.58 | 32.60 | 39.18 | OK | |
r-devel-linux-x86_64-fedora-clang | 0.1.3 | 66.92 | NOTE | |||
r-devel-linux-x86_64-fedora-gcc | 0.1.3 | 60.09 | NOTE | |||
r-devel-windows-x86_64 | 0.1.3 | 8.00 | 57.00 | 65.00 | OK | |
r-patched-linux-x86_64 | 0.1.3 | 8.18 | 40.69 | 48.87 | OK | |
r-release-linux-x86_64 | 0.1.3 | 6.45 | 40.97 | 47.42 | OK | |
r-release-macos-arm64 | 0.1.3 | 24.00 | OK | |||
r-release-windows-x86_64 | 0.1.3 | 9.00 | 56.00 | 65.00 | OK | |
r-oldrel-macos-arm64 | 0.1.3 | 19.00 | NOTE | |||
r-oldrel-macos-x86_64 | 0.1.3 | 37.00 | OK | |||
r-oldrel-windows-x86_64 | 0.1.3 | 11.00 | 61.00 | 72.00 | OK |
Version: 0.1.3
Check: data for non-ASCII characters
Result: NOTE
Note: found 32 marked UTF-8 strings
Flavors: r-devel-linux-x86_64-fedora-clang, r-devel-linux-x86_64-fedora-gcc, r-oldrel-macos-arm64