Last updated on 2024-03-28 09:51:38 CET.
Flavor | Version | Tinstall | Tcheck | Ttotal | Status | Flags |
---|---|---|---|---|---|---|
r-devel-linux-x86_64-debian-clang | 0.9.1 | 8.11 | 82.64 | 90.75 | NOTE | |
r-devel-linux-x86_64-debian-gcc | 0.9.1 | 6.98 | 62.04 | 69.02 | NOTE | |
r-devel-linux-x86_64-fedora-clang | 0.9.1 | 115.32 | NOTE | |||
r-devel-linux-x86_64-fedora-gcc | 0.9.1 | 110.83 | NOTE | |||
r-devel-windows-x86_64 | 0.9.1 | 10.00 | 80.00 | 90.00 | NOTE | |
r-patched-linux-x86_64 | 0.9.1 | 10.42 | 81.32 | 91.74 | NOTE | |
r-release-linux-x86_64 | 0.9.1 | 6.61 | 80.61 | 87.22 | NOTE | |
r-release-macos-arm64 | 0.9.1 | 37.00 | NOTE | |||
r-release-macos-x86_64 | 0.9.1 | 55.00 | NOTE | |||
r-release-windows-x86_64 | 0.9.1 | 12.00 | 94.00 | 106.00 | NOTE | |
r-oldrel-macos-arm64 | 0.9.1 | 35.00 | OK | |||
r-oldrel-windows-x86_64 | 0.9.1 | 13.00 | 90.00 | 103.00 | OK |
Version: 0.9.1
Check: Rd files
Result: NOTE
checkRd: (-1) tpcExample.Rd:30: Escaped LaTeX specials: \&
Flavors: r-devel-linux-x86_64-debian-clang, r-devel-linux-x86_64-debian-gcc, r-devel-linux-x86_64-fedora-clang, r-devel-linux-x86_64-fedora-gcc, r-devel-windows-x86_64, r-patched-linux-x86_64, r-release-linux-x86_64, r-release-macos-arm64, r-release-macos-x86_64, r-release-windows-x86_64
Version: 0.9.1
Check: Rd cross-references
Result: NOTE
Undeclared package ‘graph’ in Rd xrefs
Flavor: r-devel-linux-x86_64-fedora-clang