Last updated on 2024-04-18 12:52:39 CEST.
Flavor | Version | Tinstall | Tcheck | Ttotal | Status | Flags |
---|---|---|---|---|---|---|
r-devel-linux-x86_64-debian-clang | 0.1.0 | 15.53 | 136.09 | 151.62 | OK | |
r-devel-linux-x86_64-debian-gcc | 0.1.0 | 11.18 | 97.09 | 108.27 | OK | |
r-devel-linux-x86_64-fedora-clang | 0.1.0 | 196.12 | NOTE | |||
r-devel-linux-x86_64-fedora-gcc | 0.1.0 | 186.16 | NOTE | |||
r-prerel-macos-arm64 | 0.1.0 | 59.00 | OK | |||
r-prerel-windows-x86_64 | 0.1.0 | 13.00 | 105.00 | 118.00 | OK | |
r-patched-linux-x86_64 | 0.1.0 | 13.69 | 128.22 | 141.91 | OK | |
r-release-linux-x86_64 | 0.1.0 | 10.20 | 132.54 | 142.74 | OK | |
r-release-macos-arm64 | 0.1.0 | 63.00 | OK | |||
r-release-macos-x86_64 | 0.1.0 | 88.00 | OK | |||
r-release-windows-x86_64 | 0.1.0 | 16.00 | 130.00 | 146.00 | OK | |
r-oldrel-macos-arm64 | 0.1.0 | 46.00 | OK | |||
r-oldrel-windows-x86_64 | 0.1.0 | 19.00 | 130.00 | 149.00 | OK |
Version: 0.1.0
Check: dependencies in R code
Result: NOTE
Namespaces in Imports field not imported from:
‘CBPS’ ‘spelling’
All declared Imports should be used.
Flavors: r-devel-linux-x86_64-fedora-clang, r-devel-linux-x86_64-fedora-gcc