Last updated on 2022-06-25 10:52:58 CEST.
Flavor | Version | Tinstall | Tcheck | Ttotal | Status | Flags |
---|---|---|---|---|---|---|
r-devel-linux-x86_64-debian-clang | 0.0.5 | 20.58 | 226.38 | 246.96 | NOTE | |
r-devel-linux-x86_64-debian-gcc | 0.0.5 | 16.01 | 174.92 | 190.93 | NOTE | |
r-devel-linux-x86_64-fedora-clang | 0.0.5 | 350.42 | NOTE | |||
r-devel-linux-x86_64-fedora-gcc | 0.0.5 | 285.29 | NOTE | |||
r-devel-windows-x86_64 | 0.0.5 | 43.00 | 183.00 | 226.00 | NOTE | |
r-patched-linux-x86_64 | 0.0.5 | 18.22 | 209.76 | 227.98 | NOTE | |
r-release-linux-x86_64 | 0.0.5 | 13.54 | 210.04 | 223.58 | NOTE | |
r-release-macos-arm64 | 0.0.5 | 76.00 | NOTE | |||
r-release-macos-x86_64 | 0.0.5 | 126.00 | NOTE | |||
r-release-windows-x86_64 | 0.0.5 | 49.00 | 179.00 | 228.00 | NOTE | |
r-oldrel-macos-arm64 | 0.0.5 | 90.00 | NOTE | |||
r-oldrel-macos-x86_64 | 0.0.5 | 118.00 | NOTE | |||
r-oldrel-windows-ix86+x86_64 | 0.0.5 | 52.00 | 308.00 | 360.00 | NOTE |
Version: 0.0.5
Check: LazyData
Result: NOTE
'LazyData' is specified without a 'data' directory
Flavors: r-devel-linux-x86_64-debian-clang, r-devel-linux-x86_64-debian-gcc, r-devel-linux-x86_64-fedora-clang, r-devel-linux-x86_64-fedora-gcc, r-devel-windows-x86_64, r-patched-linux-x86_64, r-release-linux-x86_64, r-release-macos-arm64, r-release-macos-x86_64, r-release-windows-x86_64, r-oldrel-macos-arm64, r-oldrel-macos-x86_64, r-oldrel-windows-ix86+x86_64