CRAN Package Check Results for Package catenary

Last updated on 2022-07-07 12:55:19 CEST.

Flavor Version Tinstall Tcheck Ttotal Status Flags
r-devel-linux-x86_64-debian-clang 1.1.2 3.67 66.05 69.72 OK
r-devel-linux-x86_64-debian-gcc 1.1.2 2.95 47.93 50.88 OK
r-devel-linux-x86_64-fedora-clang 1.1.2 89.30 NOTE
r-devel-linux-x86_64-fedora-gcc 1.1.2 88.92 NOTE
r-devel-windows-x86_64 1.1.2 50.00 90.00 140.00 OK
r-patched-linux-x86_64 1.1.2 2.42 60.08 62.50 OK
r-release-linux-x86_64 1.1.2 2.29 61.41 63.70 OK
r-release-macos-arm64 1.1.2 31.00 NOTE
r-release-macos-x86_64 1.1.2 47.00 NOTE
r-release-windows-x86_64 1.1.2 35.00 96.00 131.00 OK
r-oldrel-macos-arm64 1.1.2 36.00 NOTE
r-oldrel-macos-x86_64 1.1.2 53.00 NOTE
r-oldrel-windows-ix86+x86_64 1.1.2 9.00 85.00 94.00 OK

Check Details

Version: 1.1.2
Check: dependencies in R code
Result: NOTE
    Namespace in Imports field not imported from: ‘tidyverse’
     All declared Imports should be used.
Flavors: r-devel-linux-x86_64-fedora-clang, r-devel-linux-x86_64-fedora-gcc, r-release-macos-arm64, r-release-macos-x86_64, r-oldrel-macos-arm64, r-oldrel-macos-x86_64