Last updated on 2024-08-16 12:49:04 CEST.
Flavor | Version | Tinstall | Tcheck | Ttotal | Status | Flags |
---|---|---|---|---|---|---|
r-devel-linux-x86_64-debian-clang | 0.4.7 | 4.18 | 220.31 | 224.49 | OK | |
r-devel-linux-x86_64-debian-gcc | 0.4.7 | 2.98 | 146.92 | 149.90 | OK | |
r-devel-linux-x86_64-fedora-clang | 0.4.7 | 353.37 | OK | |||
r-devel-linux-x86_64-fedora-gcc | 0.4.7 | 361.41 | OK | |||
r-devel-windows-x86_64 | 0.4.7 | 6.00 | 231.00 | 237.00 | OK | |
r-patched-linux-x86_64 | 0.4.7 | 4.10 | 209.36 | 213.46 | OK | |
r-release-linux-x86_64 | 0.4.7 | 3.80 | 210.11 | 213.91 | OK | |
r-release-macos-arm64 | 0.4.7 | 109.00 | OK | |||
r-release-macos-x86_64 | 0.4.7 | 182.00 | OK | |||
r-release-windows-x86_64 | 0.4.7 | 5.00 | 227.00 | 232.00 | OK | |
r-oldrel-macos-arm64 | 0.4.7 | 116.00 | OK | |||
r-oldrel-macos-x86_64 | 0.4.7 | 346.00 | NOTE | |||
r-oldrel-windows-x86_64 | 0.4.7 | 5.00 | 276.00 | 281.00 | OK |
Version: 0.4.7
Check: installed package size
Result: NOTE
installed size is 5.5Mb
sub-directories of 1Mb or more:
data 3.1Mb
doc 2.1Mb
Flavor: r-oldrel-macos-x86_64