CRAN Package Check Results for Package castor

Last updated on 2024-02-22 12:48:22 CET.

Flavor Version Tinstall Tcheck Ttotal Status Flags
r-devel-linux-x86_64-debian-clang 1.8.0 OK
r-devel-linux-x86_64-debian-gcc 1.8.0 139.53 161.47 301.00 OK
r-devel-linux-x86_64-fedora-clang 1.8.0 448.81 OK
r-devel-linux-x86_64-fedora-gcc 1.8.0 504.54 OK
r-devel-windows-x86_64 1.8.0 108.00 215.00 323.00 OK
r-patched-linux-x86_64 1.8.0 172.25 213.11 385.36 OK
r-release-linux-x86_64 1.8.0 142.75 215.80 358.55 OK
r-release-macos-arm64 1.8.0 116.00 NOTE
r-release-macos-x86_64 1.8.0 270.00 NOTE
r-release-windows-x86_64 1.8.0 143.00 269.00 412.00 OK
r-oldrel-macos-arm64 1.8.0 112.00 NOTE
r-oldrel-windows-x86_64 1.8.0 138.00 251.00 389.00 OK

Check Details

Version: 1.8.0
Check: installed package size
Result: NOTE installed size is 21.2Mb sub-directories of 1Mb or more: R 1.0Mb libs 19.3Mb Flavors: r-release-macos-arm64, r-release-macos-x86_64, r-oldrel-macos-arm64