Last updated on 2024-08-31 11:49:23 CEST.
Flavor | Version | Tinstall | Tcheck | Ttotal | Status | Flags |
---|---|---|---|---|---|---|
r-devel-linux-x86_64-debian-clang | 0.10.6 | 12.60 | 343.50 | 356.10 | OK | |
r-devel-linux-x86_64-debian-gcc | 0.10.6 | 8.61 | 239.87 | 248.48 | OK | |
r-devel-linux-x86_64-fedora-clang | 0.10.6 | 566.59 | OK | |||
r-devel-linux-x86_64-fedora-gcc | 0.10.6 | 572.29 | OK | |||
r-devel-windows-x86_64 | 0.10.6 | 13.00 | 274.00 | 287.00 | OK | |
r-patched-linux-x86_64 | 0.10.6 | 11.83 | 319.34 | 331.17 | OK | |
r-release-linux-x86_64 | 0.10.6 | 11.35 | 318.88 | 330.23 | OK | |
r-release-macos-arm64 | 0.10.6 | 164.00 | OK | |||
r-release-macos-x86_64 | 0.10.6 | 443.00 | OK | |||
r-release-windows-x86_64 | 0.10.6 | 15.00 | 285.00 | 300.00 | OK | |
r-oldrel-macos-arm64 | 0.10.6 | 234.00 | ERROR | |||
r-oldrel-macos-x86_64 | 0.10.6 | 452.00 | ERROR | |||
r-oldrel-windows-x86_64 | 0.10.6 | 18.00 | 348.00 | 366.00 | OK |
Version: 0.10.6
Check: running R code from vignettes
Result: ERROR
Errors in running code in vignettes:
when running code in ‘popTime.Rmd’
...
ALL AML
0 17 29
1 28 28
2 28 47
> popTimeData <- popTime(data = bmtcrr)
When sourcing ‘popTime.R’:
Error: data does not contain time variable
Execution halted
‘competingRisk.Rmd’ using ‘UTF-8’... [17s/18s] OK
‘customizingpopTime.Rmd’ using ‘UTF-8’... [7s/8s] OK
‘plotabsRisk.Rmd’ using ‘UTF-8’... [3s/3s] OK
‘plotsmoothHazard.Rmd’ using ‘UTF-8’... [6s/6s] OK
‘popTime.Rmd’ using ‘UTF-8’... failed
‘smoothHazard.Rmd’ using ‘UTF-8’... [4s/4s] OK
‘time-varying-covariates.Rmd’ using ‘UTF-8’... [2s/2s] OK
Flavor: r-oldrel-macos-arm64
Version: 0.10.6
Check: running R code from vignettes
Result: ERROR
Errors in running code in vignettes:
when running code in ‘popTime.Rmd’
...
ALL AML
0 17 29
1 28 28
2 28 47
> popTimeData <- popTime(data = bmtcrr)
When sourcing ‘popTime.R’:
Error: data does not contain time variable
Execution halted
‘competingRisk.Rmd’ using ‘UTF-8’... [26s/43s] OK
‘customizingpopTime.Rmd’ using ‘UTF-8’... [10s/14s] OK
‘plotabsRisk.Rmd’ using ‘UTF-8’... [5s/7s] OK
‘plotsmoothHazard.Rmd’ using ‘UTF-8’... [9s/15s] OK
‘popTime.Rmd’ using ‘UTF-8’... failed
‘smoothHazard.Rmd’ using ‘UTF-8’... [6s/10s] OK
‘time-varying-covariates.Rmd’ using ‘UTF-8’... [3s/5s] OK
Flavor: r-oldrel-macos-x86_64