Last updated on 2025-04-29 12:52:31 CEST.
Flavor | Version | Tinstall | Tcheck | Ttotal | Status | Flags |
---|---|---|---|---|---|---|
r-devel-linux-x86_64-debian-clang | 1.1.0 | 2.61 | 20.38 | 22.99 | NOTE | |
r-devel-linux-x86_64-debian-gcc | 1.1.0 | 1.88 | 15.86 | 17.74 | NOTE | |
r-devel-linux-x86_64-fedora-clang | 1.1.0 | 35.54 | OK | |||
r-devel-linux-x86_64-fedora-gcc | 1.1.0 | 33.33 | OK | |||
r-devel-windows-x86_64 | 1.1.0 | 3.00 | 38.00 | 41.00 | OK | |
r-patched-linux-x86_64 | 1.1.0 | 2.52 | 19.45 | 21.97 | OK | |
r-release-linux-x86_64 | 1.1.0 | 2.64 | 19.63 | 22.27 | OK | |
r-release-macos-arm64 | 1.1.0 | 15.00 | OK | |||
r-release-macos-x86_64 | 1.1.0 | 26.00 | OK | |||
r-release-windows-x86_64 | 1.1.0 | 4.00 | 40.00 | 44.00 | OK | |
r-oldrel-macos-arm64 | 1.1.0 | 19.00 | OK | |||
r-oldrel-macos-x86_64 | 1.1.0 | 26.00 | OK | |||
r-oldrel-windows-x86_64 | 1.1.0 | 3.00 | 37.00 | 40.00 | OK |
Version: 1.1.0
Check: CRAN incoming feasibility
Result: NOTE
Maintainer: ‘Rich Nielsen <rnielsen@mit.edu>’
No Authors@R field in DESCRIPTION.
Please add one, modifying
Authors@R: person(given = "Rich",
family = "Nielsen",
role = c("aut", "cre"),
email = "rnielsen@mit.edu")
as necessary.
Flavors: r-devel-linux-x86_64-debian-clang, r-devel-linux-x86_64-debian-gcc