CRAN Package Check Results for Package cartographer

Last updated on 2024-02-20 12:54:50 CET.

Flavor Version Tinstall Tcheck Ttotal Status Flags
r-devel-linux-x86_64-debian-clang 0.2.1 NOTE
r-devel-linux-x86_64-debian-gcc 0.2.1 3.05 38.96 42.01 NOTE
r-devel-linux-x86_64-fedora-clang 0.2.1 70.17 NOTE
r-devel-linux-x86_64-fedora-gcc 0.2.1 79.56 NOTE
r-devel-windows-x86_64 0.2.1 6.00 63.00 69.00 NOTE
r-patched-linux-x86_64 0.2.1 4.58 50.22 54.80 NOTE
r-release-linux-x86_64 0.2.1 3.01 50.27 53.28 NOTE
r-release-macos-arm64 0.2.1 37.00 NOTE
r-release-macos-x86_64 0.2.1 63.00 NOTE
r-release-windows-x86_64 0.2.1 9.00 70.00 79.00 NOTE
r-oldrel-macos-arm64 0.2.1 47.00 NOTE
r-oldrel-windows-x86_64 0.2.1 8.00 72.00 80.00 NOTE

Check Details

Version: 0.2.1
Check: package dependencies
Result: NOTE Package suggested but not available for checking: ‘rnaturalearthhires’ Flavors: r-devel-linux-x86_64-debian-clang, r-devel-linux-x86_64-debian-gcc, r-devel-linux-x86_64-fedora-clang, r-devel-linux-x86_64-fedora-gcc, r-devel-windows-x86_64, r-patched-linux-x86_64, r-release-linux-x86_64, r-release-macos-arm64, r-release-macos-x86_64, r-release-windows-x86_64, r-oldrel-macos-arm64, r-oldrel-windows-x86_64