CRAN Package Check Results for Package carrier

Last updated on 2022-07-02 12:52:58 CEST.

Flavor Version Tinstall Tcheck Ttotal Status Flags
r-devel-linux-x86_64-debian-clang 0.1.0 2.71 29.45 32.16 NOTE
r-devel-linux-x86_64-debian-gcc 0.1.0 1.85 23.42 25.27 NOTE
r-devel-linux-x86_64-fedora-clang 0.1.0 48.98 NOTE
r-devel-linux-x86_64-fedora-gcc 0.1.0 48.50 NOTE
r-devel-windows-x86_64 0.1.0 10.00 56.00 66.00 NOTE
r-patched-linux-x86_64 0.1.0 1.61 29.12 30.73 NOTE
r-release-linux-x86_64 0.1.0 2.47 28.65 31.12 NOTE
r-release-macos-arm64 0.1.0 18.00 NOTE
r-release-macos-x86_64 0.1.0 25.00 NOTE
r-release-windows-x86_64 0.1.0 10.00 57.00 67.00 NOTE
r-oldrel-macos-arm64 0.1.0 22.00 NOTE
r-oldrel-macos-x86_64 0.1.0 31.00 NOTE
r-oldrel-windows-ix86+x86_64 0.1.0 7.00 47.00 54.00 NOTE

Check Details

Version: 0.1.0
Check: LazyData
Result: NOTE
     'LazyData' is specified without a 'data' directory
Flavors: r-devel-linux-x86_64-debian-clang, r-devel-linux-x86_64-debian-gcc, r-devel-linux-x86_64-fedora-clang, r-devel-linux-x86_64-fedora-gcc, r-devel-windows-x86_64, r-patched-linux-x86_64, r-release-linux-x86_64, r-release-macos-arm64, r-release-macos-x86_64, r-release-windows-x86_64, r-oldrel-macos-arm64, r-oldrel-macos-x86_64, r-oldrel-windows-ix86+x86_64