CRAN Package Check Results for Package carpenter

Last updated on 2023-09-25 12:01:35 CEST.

Flavor Version Tinstall Tcheck Ttotal Status Flags
r-devel-linux-x86_64-debian-clang 0.2.2 4.01 50.03 54.04 NOTE
r-devel-linux-x86_64-debian-gcc 0.2.2 3.19 38.67 41.86 NOTE
r-devel-linux-x86_64-fedora-clang 0.2.2 66.95 NOTE
r-devel-linux-x86_64-fedora-gcc 0.2.2 76.74 NOTE
r-devel-windows-x86_64 0.2.2 6.00 59.00 65.00 NOTE
r-patched-linux-x86_64 0.2.2 3.73 48.26 51.99 NOTE
r-release-linux-x86_64 0.2.2 4.68 48.20 52.88 NOTE
r-release-macos-arm64 0.2.2 29.00 NOTE
r-release-macos-x86_64 0.2.2 42.00 NOTE
r-release-windows-x86_64 0.2.2 7.00 63.00 70.00 NOTE
r-oldrel-macos-arm64 0.2.2 25.00 NOTE
r-oldrel-macos-x86_64 0.2.2 45.00 NOTE
r-oldrel-windows-x86_64 0.2.2 7.00 66.00 73.00 NOTE

Check Details

Version: 0.2.2
Check: LazyData
Result: NOTE
     'LazyData' is specified without a 'data' directory
Flavors: r-devel-linux-x86_64-debian-clang, r-devel-linux-x86_64-debian-gcc, r-devel-linux-x86_64-fedora-clang, r-devel-linux-x86_64-fedora-gcc, r-devel-windows-x86_64, r-patched-linux-x86_64, r-release-linux-x86_64, r-release-macos-arm64, r-release-macos-x86_64, r-release-windows-x86_64, r-oldrel-macos-arm64, r-oldrel-macos-x86_64, r-oldrel-windows-x86_64