Last updated on 2024-04-18 12:52:39 CEST.
Flavor | Version | Tinstall | Tcheck | Ttotal | Status | Flags |
---|---|---|---|---|---|---|
r-devel-linux-x86_64-debian-clang | 0.4.9 | 2.51 | 26.10 | 28.61 | NOTE | |
r-devel-linux-x86_64-debian-gcc | 0.4.9 | 2.33 | 19.60 | 21.93 | NOTE | |
r-devel-linux-x86_64-fedora-clang | 0.4.9 | 38.06 | NOTE | |||
r-devel-linux-x86_64-fedora-gcc | 0.4.9 | 34.57 | NOTE | |||
r-prerel-macos-arm64 | 0.4.9 | 16.00 | NOTE | |||
r-prerel-windows-x86_64 | 0.4.9 | 3.00 | 42.00 | 45.00 | NOTE | |
r-patched-linux-x86_64 | 0.4.9 | 2.32 | 24.13 | 26.45 | NOTE | |
r-release-linux-x86_64 | 0.4.9 | 2.81 | 24.82 | 27.63 | OK | |
r-release-macos-arm64 | 0.4.9 | 20.00 | OK | |||
r-release-macos-x86_64 | 0.4.9 | 36.00 | OK | |||
r-release-windows-x86_64 | 0.4.9 | 3.00 | 43.00 | 46.00 | OK | |
r-oldrel-macos-arm64 | 0.4.9 | 21.00 | OK | |||
r-oldrel-windows-x86_64 | 0.4.9 | 5.00 | 46.00 | 51.00 | OK |
Version: 0.4.9
Check: Rd files
Result: NOTE
checkRd: (-1) build_for_cran.Rd:13: Lost braces
13 | The exit status code{R CMD build}, invisibly.
| ^
Flavors: r-devel-linux-x86_64-debian-clang, r-devel-linux-x86_64-debian-gcc, r-devel-linux-x86_64-fedora-clang, r-devel-linux-x86_64-fedora-gcc, r-prerel-macos-arm64, r-prerel-windows-x86_64, r-patched-linux-x86_64