CRAN Package Check Results for Package cardidates

Last updated on 2024-02-27 11:49:45 CET.

Flavor Version Tinstall Tcheck Ttotal Status Flags
r-devel-linux-x86_64-debian-clang 0.4.9 3.74 48.82 52.56 NOTE
r-devel-linux-x86_64-debian-gcc 0.4.9 2.01 37.36 39.37 NOTE
r-devel-linux-x86_64-fedora-clang 0.4.9 65.67 NOTE
r-devel-linux-x86_64-fedora-gcc 0.4.9 79.24 NOTE
r-devel-windows-x86_64 0.4.9 4.00 87.00 91.00 OK
r-patched-linux-x86_64 0.4.9 3.58 48.78 52.36 OK
r-release-linux-x86_64 0.4.9 3.73 48.26 51.99 OK
r-release-macos-arm64 0.4.9 131.00 OK
r-release-macos-x86_64 0.4.9 166.00 OK
r-release-windows-x86_64 0.4.9 6.00 85.00 91.00 OK
r-oldrel-macos-arm64 0.4.9 40.00 OK
r-oldrel-windows-x86_64 0.4.9 5.00 92.00 97.00 OK

Check Details

Version: 0.4.9
Check: Rd files
Result: NOTE checkRd: (-1) fitweibull.Rd:51: Lost braces in \itemize; \value handles \item{}{} directly checkRd: (-1) fitweibull.Rd:52: Lost braces in \itemize; \value handles \item{}{} directly checkRd: (-1) fitweibull.Rd:53: Lost braces in \itemize; \value handles \item{}{} directly Flavors: r-devel-linux-x86_64-debian-clang, r-devel-linux-x86_64-debian-gcc, r-devel-linux-x86_64-fedora-clang, r-devel-linux-x86_64-fedora-gcc