Last updated on 2024-08-31 11:49:23 CEST.
Flavor | Version | Tinstall | Tcheck | Ttotal | Status | Flags |
---|---|---|---|---|---|---|
r-devel-linux-x86_64-debian-clang | 0.1.0 | 9.86 | 108.84 | 118.70 | NOTE | |
r-devel-linux-x86_64-debian-gcc | 0.1.0 | 6.03 | 74.05 | 80.08 | NOTE | |
r-devel-linux-x86_64-fedora-clang | 0.1.0 | 190.20 | NOTE | |||
r-devel-linux-x86_64-fedora-gcc | 0.1.0 | 186.21 | NOTE | |||
r-devel-windows-x86_64 | 0.1.0 | 11.00 | 120.00 | 131.00 | NOTE | |
r-patched-linux-x86_64 | 0.1.0 | 10.02 | 101.35 | 111.37 | NOTE | |
r-release-linux-x86_64 | 0.1.0 | 9.06 | 100.46 | 109.52 | NOTE | |
r-release-macos-arm64 | 0.1.0 | 61.00 | NOTE | |||
r-release-macos-x86_64 | 0.1.0 | 85.00 | NOTE | |||
r-release-windows-x86_64 | 0.1.0 | 11.00 | 125.00 | 136.00 | NOTE | |
r-oldrel-macos-arm64 | 0.1.0 | 63.00 | NOTE | |||
r-oldrel-macos-x86_64 | 0.1.0 | 101.00 | NOTE | |||
r-oldrel-windows-x86_64 | 0.1.0 | 15.00 | 144.00 | 159.00 | NOTE |
Version: 0.1.0
Check: package subdirectories
Result: NOTE
Problems with news in ‘NEWS.md’:
No news entries found.
Flavors: r-devel-linux-x86_64-debian-clang, r-devel-linux-x86_64-debian-gcc, r-devel-linux-x86_64-fedora-clang, r-devel-linux-x86_64-fedora-gcc, r-devel-windows-x86_64, r-patched-linux-x86_64, r-release-linux-x86_64, r-release-macos-arm64, r-release-macos-x86_64, r-release-windows-x86_64, r-oldrel-macos-arm64, r-oldrel-macos-x86_64, r-oldrel-windows-x86_64
Version: 0.1.0
Check: Rd files
Result: NOTE
checkRd: (-1) zipcode.Rd:14: Lost braces; missing escapes or markup?
14 | This is a dataset from the archived/orphaned {zipcode} package.
| ^
Flavors: r-devel-linux-x86_64-debian-clang, r-devel-linux-x86_64-debian-gcc, r-devel-linux-x86_64-fedora-clang, r-devel-linux-x86_64-fedora-gcc, r-devel-windows-x86_64, r-patched-linux-x86_64, r-release-linux-x86_64, r-release-macos-arm64, r-release-macos-x86_64, r-release-windows-x86_64
Version: 0.1.0
Check: dependencies in R code
Result: NOTE
Namespaces in Imports field not imported from:
‘Hmisc’ ‘methods’ ‘readr’ ‘recipes’ ‘sf’ ‘stringr’ ‘utils’
All declared Imports should be used.
Flavors: r-devel-linux-x86_64-fedora-clang, r-devel-linux-x86_64-fedora-gcc