CRAN Package Check Results for Package car

Last updated on 2022-12-07 11:52:58 CET.

Flavor Version Tinstall Tcheck Ttotal Status Flags
r-devel-linux-x86_64-debian-clang 3.1-1 22.38 175.18 197.56 OK
r-devel-linux-x86_64-debian-gcc 3.1-1 19.65 132.31 151.96 OK
r-devel-linux-x86_64-fedora-clang 3.1-1 272.94 NOTE
r-devel-linux-x86_64-fedora-gcc 3.1-1 258.60 OK
r-devel-windows-x86_64 3.1-1 65.00 240.00 305.00 OK
r-patched-linux-x86_64 3.1-1 30.56 158.88 189.44 OK
r-release-linux-x86_64 3.1-1 18.37 158.84 177.21 OK
r-release-macos-arm64 3.1-1 59.00 OK
r-release-macos-x86_64 3.1-1 80.00 OK
r-release-windows-x86_64 3.1-1 81.00 222.00 303.00 OK
r-oldrel-macos-arm64 3.1-1 66.00 OK
r-oldrel-macos-x86_64 3.1-1 83.00 OK
r-oldrel-windows-ix86+x86_64 3.1-1 38.00 193.00 231.00 OK

Check Details

Version: 3.1-1
Check: Rd cross-references
Result: NOTE
    Undeclared package ‘plotrix’ in Rd xrefs
Flavor: r-devel-linux-x86_64-fedora-clang