Last updated on 2024-03-29 09:55:19 CET.
Flavor | Version | Tinstall | Tcheck | Ttotal | Status | Flags |
---|---|---|---|---|---|---|
r-devel-linux-x86_64-debian-clang | 0.14.0 | 15.20 | 142.38 | 157.58 | OK | |
r-devel-linux-x86_64-debian-gcc | 0.14.0 | 12.09 | 108.12 | 120.21 | OK | |
r-devel-linux-x86_64-fedora-clang | 0.14.0 | 215.27 | NOTE | |||
r-devel-linux-x86_64-fedora-gcc | 0.14.0 | 201.62 | NOTE | |||
r-devel-windows-x86_64 | 0.14.0 | 17.00 | 120.00 | 137.00 | OK | |
r-patched-linux-x86_64 | 0.14.0 | 21.07 | 137.05 | 158.12 | OK | |
r-release-linux-x86_64 | 0.14.0 | 14.89 | 141.36 | 156.25 | OK | |
r-release-macos-arm64 | 0.14.0 | 54.00 | OK | |||
r-release-macos-x86_64 | 0.14.0 | 100.00 | OK | |||
r-release-windows-x86_64 | 0.14.0 | 20.00 | 148.00 | 168.00 | OK | |
r-oldrel-macos-arm64 | 0.14.0 | 52.00 | NOTE | |||
r-oldrel-windows-x86_64 | 0.14.0 | 22.00 | 151.00 | 173.00 | OK |
Version: 0.14.0
Check: data for non-ASCII characters
Result: NOTE
Note: found 59 marked UTF-8 strings
Flavors: r-devel-linux-x86_64-fedora-clang, r-devel-linux-x86_64-fedora-gcc, r-oldrel-macos-arm64