Last updated on 2024-04-17 10:41:32 CEST.
Flavor | Version | Tinstall | Tcheck | Ttotal | Status | Flags |
---|---|---|---|---|---|---|
r-devel-linux-x86_64-debian-clang | 0.8-6 | 9.47 | 88.42 | 97.89 | OK | |
r-devel-linux-x86_64-debian-gcc | 0.8-6 | 7.01 | 66.07 | 73.08 | OK | |
r-devel-linux-x86_64-fedora-clang | 0.8-6 | 120.55 | NOTE | |||
r-devel-linux-x86_64-fedora-gcc | 0.8-6 | 125.22 | OK | |||
r-prerel-macos-arm64 | 0.8-6 | 38.00 | OK | |||
r-prerel-windows-x86_64 | 0.8-6 | 9.00 | 87.00 | 96.00 | OK | |
r-patched-linux-x86_64 | 0.8-6 | 9.10 | 83.30 | 92.40 | OK | |
r-release-linux-x86_64 | 0.8-6 | 5.97 | 82.69 | 88.66 | OK | |
r-release-macos-arm64 | 0.8-6 | 43.00 | OK | |||
r-release-macos-x86_64 | 0.8-6 | 58.00 | OK | |||
r-release-windows-x86_64 | 0.8-6 | 11.00 | 98.00 | 109.00 | OK | |
r-oldrel-macos-arm64 | 0.8-6 | 25.00 | OK | |||
r-oldrel-windows-x86_64 | 0.8-6 | 11.00 | 99.00 | 110.00 | OK |
Version: 0.8-6
Check: Rd cross-references
Result: NOTE
Undeclared packages ‘yacca’, ‘CCA’ in Rd xrefs
Flavor: r-devel-linux-x86_64-fedora-clang