Last updated on 2023-10-02 11:10:49 CEST.
Flavor | Version | Tinstall | Tcheck | Ttotal | Status | Flags |
---|---|---|---|---|---|---|
r-devel-linux-x86_64-debian-clang | 0.3.0 | 1.85 | 25.01 | 26.86 | NOTE | |
r-devel-linux-x86_64-debian-gcc | 0.3.0 | 1.71 | 20.18 | 21.89 | NOTE | |
r-devel-linux-x86_64-fedora-clang | 0.3.0 | 34.81 | NOTE | |||
r-devel-linux-x86_64-fedora-gcc | 0.3.0 | 45.58 | NOTE | |||
r-devel-windows-x86_64 | 0.3.0 | 3.00 | 45.00 | 48.00 | NOTE | |
r-patched-linux-x86_64 | 0.3.0 | 1.84 | 24.69 | 26.53 | NOTE | |
r-release-linux-x86_64 | 0.3.0 | 1.89 | 24.86 | 26.75 | NOTE | |
r-release-macos-arm64 | 0.3.0 | 23.00 | NOTE | |||
r-release-macos-x86_64 | 0.3.0 | 32.00 | NOTE | |||
r-release-windows-x86_64 | 0.3.0 | 3.00 | 42.00 | 45.00 | NOTE | |
r-oldrel-macos-arm64 | 0.3.0 | 16.00 | NOTE | |||
r-oldrel-macos-x86_64 | 0.3.0 | 23.00 | NOTE | |||
r-oldrel-windows-x86_64 | 0.3.0 | 3.00 | 46.00 | 49.00 | NOTE |
Version: 0.3.0
Check: LazyData
Result: NOTE
'LazyData' is specified without a 'data' directory
Flavors: r-devel-linux-x86_64-debian-clang, r-devel-linux-x86_64-debian-gcc, r-devel-linux-x86_64-fedora-clang, r-devel-linux-x86_64-fedora-gcc, r-devel-windows-x86_64, r-patched-linux-x86_64, r-release-linux-x86_64, r-release-macos-arm64, r-release-macos-x86_64, r-release-windows-x86_64, r-oldrel-macos-arm64, r-oldrel-macos-x86_64, r-oldrel-windows-x86_64