Last updated on 2024-04-23 10:53:58 CEST.
Flavor | Version | Tinstall | Tcheck | Ttotal | Status | Flags |
---|---|---|---|---|---|---|
r-devel-linux-x86_64-debian-clang | 0.1.0 | 6.84 | 92.98 | 99.82 | NOTE | |
r-devel-linux-x86_64-debian-gcc | 0.1.0 | 4.56 | 70.09 | 74.65 | NOTE | |
r-devel-linux-x86_64-fedora-clang | 0.1.0 | 129.14 | NOTE | |||
r-devel-linux-x86_64-fedora-gcc | 0.1.0 | 140.53 | NOTE | |||
r-prerel-macos-arm64 | 0.1.0 | 48.00 | NOTE | |||
r-prerel-windows-x86_64 | 0.1.0 | 8.00 | 92.00 | 100.00 | NOTE | |
r-patched-linux-x86_64 | 0.1.0 | 6.75 | 91.59 | 98.34 | NOTE | |
r-release-linux-x86_64 | 0.1.0 | 7.25 | 88.53 | 95.78 | OK | |
r-release-macos-arm64 | 0.1.0 | 49.00 | OK | |||
r-release-macos-x86_64 | 0.1.0 | 71.00 | OK | |||
r-release-windows-x86_64 | 0.1.0 | 9.00 | 107.00 | 116.00 | OK | |
r-oldrel-macos-arm64 | 0.1.0 | 63.00 | OK | |||
r-oldrel-windows-x86_64 | 0.1.0 | 9.00 | 115.00 | 124.00 | OK |
Version: 0.1.0
Check: Rd files
Result: NOTE
checkRd: (-1) Recording.Rd:112: Lost braces; missing escapes or markup?
112 | Stop recording images with {camcorder}.
| ^
Flavors: r-devel-linux-x86_64-debian-clang, r-devel-linux-x86_64-debian-gcc, r-devel-linux-x86_64-fedora-clang, r-devel-linux-x86_64-fedora-gcc, r-prerel-macos-arm64, r-prerel-windows-x86_64, r-patched-linux-x86_64