Last updated on 2023-10-02 11:10:49 CEST.
Flavor | Version | Tinstall | Tcheck | Ttotal | Status | Flags |
---|---|---|---|---|---|---|
r-devel-linux-x86_64-debian-clang | 0.2.2 | 12.70 | 108.67 | 121.37 | OK | |
r-devel-linux-x86_64-debian-gcc | 0.2.2 | 9.80 | 80.71 | 90.51 | OK | |
r-devel-linux-x86_64-fedora-clang | 0.2.2 | 141.39 | NOTE | |||
r-devel-linux-x86_64-fedora-gcc | 0.2.2 | 141.26 | NOTE | |||
r-devel-windows-x86_64 | 0.2.2 | 11.00 | 91.00 | 102.00 | OK | |
r-patched-linux-x86_64 | 0.2.2 | 12.15 | 102.25 | 114.40 | OK | |
r-release-linux-x86_64 | 0.2.2 | 12.51 | 101.69 | 114.20 | OK | |
r-release-macos-arm64 | 0.2.2 | 45.00 | OK | |||
r-release-macos-x86_64 | 0.2.2 | 64.00 | OK | |||
r-release-windows-x86_64 | 0.2.2 | 16.00 | 109.00 | 125.00 | OK | |
r-oldrel-macos-arm64 | 0.2.2 | 45.00 | NOTE | |||
r-oldrel-macos-x86_64 | 0.2.2 | 89.00 | NOTE | |||
r-oldrel-windows-x86_64 | 0.2.2 | 17.00 | 112.00 | 129.00 | OK |
Version: 0.2.2
Check: dependencies in R code
Result: NOTE
Namespace in Imports field not imported from: ‘markdown’
All declared Imports should be used.
Flavors: r-devel-linux-x86_64-fedora-clang, r-devel-linux-x86_64-fedora-gcc, r-oldrel-macos-arm64, r-oldrel-macos-x86_64