CRAN Package Check Results for Package cabinets

Last updated on 2022-01-20 11:50:51 CET.

Flavor Version Tinstall Tcheck Ttotal Status Flags
r-devel-linux-x86_64-debian-clang 0.6.0 NOTE
r-devel-linux-x86_64-debian-gcc 0.6.0 2.66 26.14 28.80 NOTE
r-devel-linux-x86_64-fedora-clang 0.6.0 46.00 NOTE
r-devel-linux-x86_64-fedora-gcc 0.6.0 34.58 NOTE
r-devel-windows-x86_64-new-UL 0.6.0 51.00 51.00 102.00 NOTE
r-devel-windows-x86_64-new-TK 0.6.0 NOTE
r-patched-linux-x86_64 0.6.0 2.26 32.27 34.53 NOTE
r-release-linux-x86_64 0.6.0 3.40 32.06 35.46 NOTE
r-release-macos-arm64 0.6.0 NOTE
r-release-macos-x86_64 0.6.0 NOTE
r-release-windows-ix86+x86_64 0.6.0 10.00 41.00 51.00 NOTE
r-oldrel-macos-x86_64 0.6.0 OK
r-oldrel-windows-ix86+x86_64 0.6.0 11.00 40.00 51.00 OK

Check Details

Version: 0.6.0
Check: LazyData
Result: NOTE
     'LazyData' is specified without a 'data' directory
Flavors: r-devel-linux-x86_64-debian-clang, r-devel-linux-x86_64-debian-gcc, r-devel-linux-x86_64-fedora-clang, r-devel-linux-x86_64-fedora-gcc, r-devel-windows-x86_64-new-UL, r-devel-windows-x86_64-new-TK, r-patched-linux-x86_64, r-release-linux-x86_64, r-release-macos-arm64, r-release-macos-x86_64, r-release-windows-ix86+x86_64