CRAN Package Check Results for Package caRamel

Last updated on 2022-06-25 10:52:58 CEST.

Flavor Version Tinstall Tcheck Ttotal Status Flags
r-devel-linux-x86_64-debian-clang 1.3 5.59 154.46 160.05 OK
r-devel-linux-x86_64-debian-gcc 1.3 3.17 109.76 112.93 OK
r-devel-linux-x86_64-fedora-clang 1.3 197.45 NOTE
r-devel-linux-x86_64-fedora-gcc 1.3 195.99 OK
r-devel-windows-x86_64 1.3 27.00 181.00 208.00 NOTE
r-patched-linux-x86_64 1.3 3.86 148.87 152.73 OK
r-release-linux-x86_64 1.3 5.04 148.29 153.33 OK
r-release-macos-arm64 1.3 61.00 NOTE
r-release-macos-x86_64 1.3 83.00 NOTE
r-release-windows-x86_64 1.3 35.00 173.00 208.00 NOTE
r-oldrel-macos-arm64 1.3 62.00 NOTE
r-oldrel-macos-x86_64 1.3 82.00 NOTE
r-oldrel-windows-ix86+x86_64 1.3 10.00 180.00 190.00 NOTE

Check Details

Version: 1.3
Check: installed package size
Result: NOTE
     installed size is 5.9Mb
     sub-directories of 1Mb or more:
     doc 5.7Mb
Flavors: r-devel-linux-x86_64-fedora-clang, r-devel-windows-x86_64, r-release-macos-arm64, r-release-macos-x86_64, r-release-windows-x86_64, r-oldrel-macos-arm64, r-oldrel-macos-x86_64, r-oldrel-windows-ix86+x86_64