Last updated on 2024-03-28 09:51:38 CET.
Flavor | Version | Tinstall | Tcheck | Ttotal | Status | Flags |
---|---|---|---|---|---|---|
r-devel-linux-x86_64-debian-clang | 1.3 | 5.59 | 164.96 | 170.55 | OK | |
r-devel-linux-x86_64-debian-gcc | 1.3 | 4.03 | 118.13 | 122.16 | OK | |
r-devel-linux-x86_64-fedora-clang | 1.3 | 208.24 | NOTE | |||
r-devel-linux-x86_64-fedora-gcc | 1.3 | 217.26 | OK | |||
r-devel-windows-x86_64 | 1.3 | 5.00 | 131.00 | 136.00 | NOTE | |
r-patched-linux-x86_64 | 1.3 | 6.11 | 156.98 | 163.09 | OK | |
r-release-linux-x86_64 | 1.3 | 3.81 | 159.40 | 163.21 | OK | |
r-release-macos-arm64 | 1.3 | 64.00 | NOTE | |||
r-release-macos-x86_64 | 1.3 | 98.00 | NOTE | |||
r-release-windows-x86_64 | 1.3 | 5.00 | 148.00 | 153.00 | NOTE | |
r-oldrel-macos-arm64 | 1.3 | 61.00 | NOTE | |||
r-oldrel-windows-x86_64 | 1.3 | 6.00 | 151.00 | 157.00 | NOTE |
Version: 1.3
Check: installed package size
Result: NOTE
installed size is 5.9Mb
sub-directories of 1Mb or more:
doc 5.7Mb
Flavors: r-devel-linux-x86_64-fedora-clang, r-devel-windows-x86_64, r-release-macos-arm64, r-release-macos-x86_64, r-release-windows-x86_64, r-oldrel-macos-arm64, r-oldrel-windows-x86_64