CRAN Package Check Results for Package cIRT

Last updated on 2022-07-03 11:53:34 CEST.

Flavor Version Tinstall Tcheck Ttotal Status Flags
r-devel-linux-x86_64-debian-clang 1.3.2 83.64 553.06 636.70 OK
r-devel-linux-x86_64-debian-gcc 1.3.2 66.10 351.82 417.92 OK
r-devel-linux-x86_64-fedora-clang 1.3.2 698.83 OK
r-devel-linux-x86_64-fedora-gcc 1.3.2 622.86 OK
r-devel-windows-x86_64 1.3.2 69.00 449.00 518.00 OK
r-patched-linux-x86_64 1.3.2 68.76 459.67 528.43 OK
r-release-linux-x86_64 1.3.2 64.30 462.87 527.17 OK
r-release-macos-arm64 1.3.2 239.00 NOTE
r-release-macos-x86_64 1.3.2 225.00 OK
r-release-windows-x86_64 1.3.2 77.00 452.00 529.00 OK
r-oldrel-macos-arm64 1.3.2 221.00 NOTE
r-oldrel-macos-x86_64 1.3.2 228.00 OK
r-oldrel-windows-ix86+x86_64 1.3.2 207.00 489.00 696.00 OK

Check Details

Version: 1.3.2
Check: installed package size
Result: NOTE
     installed size is 5.1Mb
     sub-directories of 1Mb or more:
     libs 4.9Mb
Flavors: r-release-macos-arm64, r-oldrel-macos-arm64