CRAN Package Check Results for Package c2c

Last updated on 2022-08-08 10:55:20 CEST.

Flavor Version Tinstall Tcheck Ttotal Status Flags
r-devel-linux-x86_64-debian-clang 0.1.0 2.34 25.34 27.68 NOTE
r-devel-linux-x86_64-debian-gcc 0.1.0 1.74 19.87 21.61 NOTE
r-devel-linux-x86_64-fedora-clang 0.1.0 43.52 NOTE
r-devel-linux-x86_64-fedora-gcc 0.1.0 43.95 NOTE
r-devel-windows-x86_64 0.1.0 13.00 51.00 64.00 NOTE
r-patched-linux-x86_64 0.1.0 2.50 24.42 26.92 NOTE
r-release-linux-x86_64 0.1.0 NOTE
r-release-macos-arm64 0.1.0 17.00 NOTE
r-release-macos-x86_64 0.1.0 23.00 NOTE
r-release-windows-x86_64 0.1.0 11.00 53.00 64.00 NOTE
r-oldrel-macos-arm64 0.1.0 24.00 NOTE
r-oldrel-macos-x86_64 0.1.0 27.00 NOTE
r-oldrel-windows-ix86+x86_64 0.1.0 5.00 43.00 48.00 NOTE

Check Details

Version: 0.1.0
Check: LazyData
Result: NOTE
     'LazyData' is specified without a 'data' directory
Flavors: r-devel-linux-x86_64-debian-clang, r-devel-linux-x86_64-debian-gcc, r-devel-linux-x86_64-fedora-clang, r-devel-linux-x86_64-fedora-gcc, r-devel-windows-x86_64, r-patched-linux-x86_64, r-release-linux-x86_64, r-release-macos-arm64, r-release-macos-x86_64, r-release-windows-x86_64, r-oldrel-macos-arm64, r-oldrel-macos-x86_64, r-oldrel-windows-ix86+x86_64