Last updated on 2024-04-18 12:52:39 CEST.
Flavor | Version | Tinstall | Tcheck | Ttotal | Status | Flags |
---|---|---|---|---|---|---|
r-devel-linux-x86_64-debian-clang | 0.2.4 | 488.35 | 265.78 | 754.13 | OK | |
r-devel-linux-x86_64-debian-gcc | 0.2.4 | 388.17 | 198.54 | 586.71 | OK | |
r-devel-linux-x86_64-fedora-clang | 0.2.4 | 1010.41 | OK | |||
r-devel-linux-x86_64-fedora-gcc | 0.2.4 | 1097.24 | OK | |||
r-prerel-macos-arm64 | 0.2.4 | 229.00 | NOTE | |||
r-prerel-windows-x86_64 | 0.2.4 | 360.00 | 236.00 | 596.00 | OK | |
r-patched-linux-x86_64 | 0.2.4 | 478.81 | 253.23 | 732.04 | OK | |
r-release-linux-x86_64 | 0.2.4 | 456.73 | 262.27 | 719.00 | OK | |
r-release-macos-arm64 | 0.2.4 | 235.00 | NOTE | |||
r-release-macos-x86_64 | 0.2.4 | 358.00 | NOTE | |||
r-release-windows-x86_64 | 0.2.4 | 442.00 | 295.00 | 737.00 | OK | |
r-oldrel-macos-arm64 | 0.2.4 | 230.00 | NOTE | |||
r-oldrel-windows-x86_64 | 0.2.4 | 413.00 | 267.00 | 680.00 | OK |
Version: 0.2.4
Check: installed package size
Result: NOTE
installed size is 22.4Mb
sub-directories of 1Mb or more:
libs 20.9Mb
Flavors: r-prerel-macos-arm64, r-release-macos-arm64, r-release-macos-x86_64, r-oldrel-macos-arm64