CRAN Package Check Results for Package businessPlanR

Last updated on 2024-04-18 12:52:39 CEST.

Flavor Version Tinstall Tcheck Ttotal Status Flags
r-devel-linux-x86_64-debian-clang 0.1-0 7.33 70.29 77.62 NOTE
r-devel-linux-x86_64-debian-gcc 0.1-0 8.83 51.80 60.63 NOTE
r-devel-linux-x86_64-fedora-clang 0.1-0 100.61 NOTE
r-devel-linux-x86_64-fedora-gcc 0.1-0 105.98 NOTE
r-prerel-macos-arm64 0.1-0 39.00 NOTE
r-prerel-windows-x86_64 0.1-0 11.00 80.00 91.00 NOTE
r-patched-linux-x86_64 0.1-0 8.35 65.22 73.57 NOTE
r-release-linux-x86_64 0.1-0 8.90 65.07 73.97 OK
r-release-macos-arm64 0.1-0 38.00 OK
r-release-macos-x86_64 0.1-0 58.00 OK
r-release-windows-x86_64 0.1-0 14.00 91.00 105.00 OK
r-oldrel-macos-arm64 0.1-0 36.00 OK
r-oldrel-windows-x86_64 0.1-0 14.00 94.00 108.00 OK

Check Details

Version: 0.1-0
Check: Rd files
Result: NOTE checkRd: (-1) depreciation-class.Rd:43: Lost braces in \itemize; meant \describe ? checkRd: (-1) depreciation-class.Rd:44: Lost braces in \itemize; meant \describe ? checkRd: (-1) depreciation-class.Rd:45: Lost braces in \itemize; meant \describe ? checkRd: (-1) depreciation-class.Rd:46-47: Lost braces in \itemize; meant \describe ? checkRd: (-1) loan-class.Rd:46-48: Lost braces in \itemize; meant \describe ? checkRd: (-1) loan-class.Rd:49: Lost braces in \itemize; meant \describe ? checkRd: (-1) loan-class.Rd:50-51: Lost braces in \itemize; meant \describe ? checkRd: (-1) model2df-methods.Rd:32-33: Lost braces in \itemize; meant \describe ? checkRd: (-1) model2df-methods.Rd:34-35: Lost braces in \itemize; meant \describe ? checkRd: (-1) model2df-methods.Rd:36-37: Lost braces in \itemize; meant \describe ? checkRd: (-1) model2df-methods.Rd:38-39: Lost braces in \itemize; meant \describe ? Flavors: r-devel-linux-x86_64-debian-clang, r-devel-linux-x86_64-debian-gcc, r-devel-linux-x86_64-fedora-clang, r-devel-linux-x86_64-fedora-gcc, r-prerel-macos-arm64, r-prerel-windows-x86_64, r-patched-linux-x86_64