CRAN Package Check Results for Package buildmer

Last updated on 2022-06-25 10:52:58 CEST.

Flavor Version Tinstall Tcheck Ttotal Status Flags
r-devel-linux-x86_64-debian-clang 2.5 13.05 181.58 194.63 OK
r-devel-linux-x86_64-debian-gcc 2.5 9.93 135.84 145.77 OK
r-devel-linux-x86_64-fedora-clang 2.5 233.69 OK
r-devel-linux-x86_64-fedora-gcc 2.5 236.66 OK
r-devel-windows-x86_64 2.5 87.00 212.00 299.00 OK
r-patched-linux-x86_64 2.5 11.72 169.83 181.55 OK
r-release-linux-x86_64 2.5 11.33 169.89 181.22 OK
r-release-macos-arm64 2.5 68.00 ERROR
r-release-macos-x86_64 2.5 90.00 OK
r-release-windows-x86_64 2.5 68.00 206.00 274.00 OK
r-oldrel-macos-arm64 2.5 63.00 OK
r-oldrel-macos-x86_64 2.5 88.00 OK
r-oldrel-windows-ix86+x86_64 2.5 29.00 225.00 254.00 OK

Check Details

Version: 2.5
Check: examples
Result: ERROR
    Running examples in ‘buildmer-Ex.R’ failed
    The error most likely occurred in:
    
    > ### Name: buildglmmTMB
    > ### Title: Use 'buildmer' to perform stepwise elimination on 'glmmTMB'
    > ### models
    > ### Aliases: buildglmmTMB
    >
    > ### ** Examples
    >
    > library(buildmer)
    > if (requireNamespace('glmmTMB')) {
    + model <- buildglmmTMB(Reaction ~ Days + (Days|Subject),data=lme4::sleepstudy)
    + }
    Loading required namespace: glmmTMB
    Warning in checkDepPackageVersion(dep_pkg = "TMB") :
     Package version inconsistency detected.
    glmmTMB was built with TMB version 1.7.22
    Current TMB version is 1.9.0
    Please re-install glmmTMB from source or restore original ‘TMB’ package (see '?reinstalling' for more information)
    Determining predictor order
    Fitting via glmmTMB, with ML: Reaction ~ 1
    Error in .Call("getParameterOrder", data, parameters, reportenv, control, :
     Incorrect number of arguments (4), expecting 3 for 'getParameterOrder'
    Convergence failure. Reducing terms and retrying... The failure was:
     Error in .Call("getParameterOrder", data, parameters, reportenv,
     control, : Incorrect number of arguments (4), expecting 3 for
     'getParameterOrder'
    Error in reduce.model(p, conv) : No terms left for reduction, giving up
    Calls: buildglmmTMB ... buildmer.fit -> do.call -> order -> reorder -> reduce.model
    Execution halted
Flavor: r-release-macos-arm64