Last updated on 2024-04-19 11:56:40 CEST.
Flavor | Version | Tinstall | Tcheck | Ttotal | Status | Flags |
---|---|---|---|---|---|---|
r-devel-linux-x86_64-debian-clang | 1.10.12 | 17.82 | 202.63 | 220.45 | OK | |
r-devel-linux-x86_64-debian-gcc | 1.10.12 | OK | ||||
r-devel-linux-x86_64-fedora-clang | 1.10.12 | 268.68 | NOTE | |||
r-devel-linux-x86_64-fedora-gcc | 1.10.12 | 258.50 | NOTE | |||
r-prerel-macos-arm64 | 1.10.12 | 71.00 | OK | |||
r-prerel-macos-x86_64 | 1.10.12 | 230.00 | OK | |||
r-prerel-windows-x86_64 | 1.10.12 | 17.00 | 155.00 | 172.00 | OK | |
r-patched-linux-x86_64 | 1.10.12 | 24.39 | 188.75 | 213.14 | OK | |
r-release-linux-x86_64 | 1.10.12 | 13.87 | 190.41 | 204.28 | OK | |
r-release-macos-arm64 | 1.10.12 | 76.00 | OK | |||
r-release-macos-x86_64 | 1.10.12 | 185.00 | OK | |||
r-release-windows-x86_64 | 1.10.12 | 24.00 | 201.00 | 225.00 | OK | |
r-oldrel-macos-arm64 | 1.10.12 | 76.00 | OK | |||
r-oldrel-windows-x86_64 | 1.10.12 | 27.00 | 190.00 | 217.00 | OK |
Version: 1.10.12
Check: data for non-ASCII characters
Result: NOTE
Note: found 89 marked UTF-8 strings
Flavors: r-devel-linux-x86_64-fedora-clang, r-devel-linux-x86_64-fedora-gcc