Last updated on 2023-01-31 12:53:30 CET.
Flavor | Version | Tinstall | Tcheck | Ttotal | Status | Flags |
---|---|---|---|---|---|---|
r-devel-linux-x86_64-debian-clang | 0.9.9 | 99.35 | 322.39 | 421.74 | NOTE | |
r-devel-linux-x86_64-debian-gcc | 0.9.9 | 96.84 | 231.48 | 328.32 | NOTE | |
r-devel-linux-x86_64-fedora-clang | 0.9.9 | 560.78 | NOTE | |||
r-devel-linux-x86_64-fedora-gcc | 0.9.9 | 580.46 | NOTE | |||
r-devel-windows-x86_64 | 0.9.9 | 207.00 | 455.00 | 662.00 | NOTE | |
r-patched-linux-x86_64 | 0.9.9 | 115.00 | 319.54 | 434.54 | OK | |
r-release-linux-x86_64 | 0.9.9 | 109.75 | 318.69 | 428.44 | OK | |
r-release-macos-arm64 | 0.9.9 | 167.00 | NOTE | |||
r-release-macos-x86_64 | 0.9.9 | 213.00 | NOTE | |||
r-release-windows-x86_64 | 0.9.9 | 187.00 | 471.00 | 658.00 | NOTE | |
r-oldrel-macos-arm64 | 0.9.9 | 163.00 | NOTE | |||
r-oldrel-macos-x86_64 | 0.9.9 | 209.00 | NOTE | |||
r-oldrel-windows-ix86+x86_64 | 0.9.9 | 256.00 | 724.00 | 980.00 | NOTE |
Version: 0.9.9
Check: C++ specification
Result: NOTE
Specified C++11: please update to current default of C++17
Flavors: r-devel-linux-x86_64-debian-clang, r-devel-linux-x86_64-debian-gcc, r-devel-linux-x86_64-fedora-clang, r-devel-linux-x86_64-fedora-gcc, r-devel-windows-x86_64
Version: 0.9.9
Check: installed package size
Result: NOTE
installed size is 9.6Mb
sub-directories of 1Mb or more:
libs 8.8Mb
Flavors: r-devel-linux-x86_64-fedora-clang, r-devel-windows-x86_64, r-release-macos-arm64, r-release-macos-x86_64, r-release-windows-x86_64, r-oldrel-macos-arm64, r-oldrel-macos-x86_64, r-oldrel-windows-ix86+x86_64