Last updated on 2022-07-05 11:49:48 CEST.
Flavor | Version | Tinstall | Tcheck | Ttotal | Status | Flags |
---|---|---|---|---|---|---|
r-devel-linux-x86_64-debian-clang | 1.0 | 9.24 | 75.96 | 85.20 | OK | |
r-devel-linux-x86_64-debian-gcc | 1.0 | 7.95 | 54.42 | 62.37 | OK | |
r-devel-linux-x86_64-fedora-clang | 1.0 | 112.85 | WARN | |||
r-devel-linux-x86_64-fedora-gcc | 1.0 | 112.89 | WARN | |||
r-devel-windows-x86_64 | 1.0 | 17.00 | 94.00 | 111.00 | OK | |
r-patched-linux-x86_64 | 1.0 | 10.67 | 70.15 | 80.82 | OK | |
r-release-linux-x86_64 | 1.0 | 8.24 | 71.04 | 79.28 | OK | |
r-release-macos-arm64 | 1.0 | 33.00 | NOTE | |||
r-release-macos-x86_64 | 1.0 | 60.00 | NOTE | |||
r-release-windows-x86_64 | 1.0 | 14.00 | 93.00 | 107.00 | OK | |
r-oldrel-macos-arm64 | 1.0 | 36.00 | NOTE | |||
r-oldrel-macos-x86_64 | 1.0 | 44.00 | NOTE | |||
r-oldrel-windows-ix86+x86_64 | 1.0 | 21.00 | 90.00 | 111.00 | OK |
Version: 1.0
Check: package dependencies
Result: WARN
Requires (indirectly) orphaned package: ‘gtools’
Flavors: r-devel-linux-x86_64-fedora-clang, r-devel-linux-x86_64-fedora-gcc
Version: 1.0
Check: dependencies in R code
Result: NOTE
Namespaces in Imports field not imported from:
‘mvtnorm’ ‘ssmn’
All declared Imports should be used.
Flavors: r-devel-linux-x86_64-fedora-clang, r-devel-linux-x86_64-fedora-gcc, r-release-macos-arm64, r-release-macos-x86_64, r-oldrel-macos-arm64, r-oldrel-macos-x86_64