Last updated on 2024-04-18 12:52:39 CEST.
Flavor | Version | Tinstall | Tcheck | Ttotal | Status | Flags |
---|---|---|---|---|---|---|
r-devel-linux-x86_64-debian-clang | 0.0.2 | 14.00 | 30.21 | 44.21 | OK | |
r-devel-linux-x86_64-debian-gcc | 0.0.2 | 9.03 | 23.32 | 32.35 | OK | |
r-devel-linux-x86_64-fedora-clang | 0.0.2 | 54.23 | NOTE | |||
r-devel-linux-x86_64-fedora-gcc | 0.0.2 | 51.63 | NOTE | |||
r-prerel-macos-arm64 | 0.0.2 | 20.00 | OK | |||
r-prerel-windows-x86_64 | 0.0.2 | 9.00 | 45.00 | 54.00 | OK | |
r-patched-linux-x86_64 | 0.0.2 | 9.16 | 29.85 | 39.01 | OK | |
r-release-linux-x86_64 | 0.0.2 | 9.34 | 29.05 | 38.39 | OK | |
r-release-macos-arm64 | 0.0.2 | 20.00 | OK | |||
r-release-macos-x86_64 | 0.0.2 | 30.00 | OK | |||
r-release-windows-x86_64 | 0.0.2 | 12.00 | 46.00 | 58.00 | OK | |
r-oldrel-macos-arm64 | 0.0.2 | 20.00 | OK | |||
r-oldrel-windows-x86_64 | 0.0.2 | 13.00 | 49.00 | 62.00 | OK |
Version: 0.0.2
Check: dependencies in R code
Result: NOTE
Namespaces in Imports field not imported from:
‘Matrix’ ‘grDevices’ ‘graphics’
All declared Imports should be used.
Flavors: r-devel-linux-x86_64-fedora-clang, r-devel-linux-x86_64-fedora-gcc