CRAN Package Check Results for Package bsnsing

Last updated on 2024-05-24 11:58:20 CEST.

Flavor Version Tinstall Tcheck Ttotal Status Flags
r-devel-linux-x86_64-debian-clang 1.0.1 22.22 60.96 83.18 NOTE
r-devel-linux-x86_64-debian-gcc 1.0.1 15.09 45.70 60.79 NOTE
r-devel-linux-x86_64-fedora-clang 1.0.1 122.27 NOTE
r-devel-linux-x86_64-fedora-gcc 1.0.1 106.94 NOTE
r-devel-windows-x86_64 1.0.1 19.00 84.00 103.00 NOTE
r-patched-linux-x86_64 1.0.1 21.85 58.53 80.38 NOTE
r-release-linux-x86_64 1.0.1 22.50 58.14 80.64 NOTE
r-release-macos-arm64 1.0.1 31.00 NOTE
r-release-windows-x86_64 1.0.1 19.00 82.00 101.00 NOTE
r-oldrel-macos-arm64 1.0.1 33.00 OK
r-oldrel-macos-x86_64 1.0.1 52.00 OK
r-oldrel-windows-x86_64 1.0.1 19.00 101.00 120.00 OK

Check Details

Version: 1.0.1
Check: Rd files
Result: NOTE checkRd: (-1) bscontrol.Rd:39: Lost braces; missing escapes or markup? 39 | \item{opt.solver}{a character string in the set {'enum', 'enum_c', 'gurobi', 'cplex', 'lpSolve', 'greedy'} indicating the optimization solver to be used in the program. The choice of 'cplex' requires the package \code{cplexAPI}, 'gurobi' requires the package \code{gurobi}, and 'lpSolve' requires the package \code{lpSolve}. These solver options are only available in the full version at \url{https://github.com/profyliu/bsnsing/}. The default (and the best) is 'enum_c'.} | ^ checkRd: (-1) bscontrol.Rd:45: Lost braces; missing escapes or markup? 45 | \item{opt.model}{a character string in the set {'gini','error'} indicating the optimization model to solve in the program. The default is 'gini'. The 'error' option is not available in the current version.} | ^ Flavors: r-devel-linux-x86_64-debian-clang, r-devel-linux-x86_64-debian-gcc, r-devel-linux-x86_64-fedora-clang, r-devel-linux-x86_64-fedora-gcc, r-devel-windows-x86_64, r-patched-linux-x86_64, r-release-linux-x86_64, r-release-macos-arm64, r-release-windows-x86_64