Last updated on 2024-08-31 11:49:23 CEST.
Flavor | Version | Tinstall | Tcheck | Ttotal | Status | Flags |
---|---|---|---|---|---|---|
r-devel-linux-x86_64-debian-clang | 0.8.0 | 8.18 | 109.14 | 117.32 | OK | |
r-devel-linux-x86_64-debian-gcc | 0.8.0 | 6.01 | 74.95 | 80.96 | OK | |
r-devel-linux-x86_64-fedora-clang | 0.8.0 | 186.82 | NOTE | |||
r-devel-linux-x86_64-fedora-gcc | 0.8.0 | 189.31 | OK | |||
r-devel-windows-x86_64 | 0.8.0 | 15.00 | 111.00 | 126.00 | NOTE | |
r-patched-linux-x86_64 | 0.8.0 | 10.37 | 105.22 | 115.59 | OK | |
r-release-linux-x86_64 | 0.8.0 | 9.08 | 104.90 | 113.98 | OK | |
r-release-macos-arm64 | 0.8.0 | 51.00 | NOTE | |||
r-release-macos-x86_64 | 0.8.0 | 147.00 | NOTE | |||
r-release-windows-x86_64 | 0.8.0 | 18.00 | 117.00 | 135.00 | NOTE | |
r-oldrel-macos-arm64 | 0.8.0 | 57.00 | NOTE | |||
r-oldrel-macos-x86_64 | 0.8.0 | 96.00 | NOTE | |||
r-oldrel-windows-x86_64 | 0.8.0 | 17.00 | 135.00 | 152.00 | NOTE |
Version: 0.8.0
Check: installed package size
Result: NOTE
installed size is 12.3Mb
sub-directories of 1Mb or more:
components 1.0Mb
fonts 2.8Mb
lib 5.6Mb
Flavors: r-devel-linux-x86_64-fedora-clang, r-devel-windows-x86_64, r-release-macos-arm64, r-release-macos-x86_64, r-release-windows-x86_64, r-oldrel-macos-arm64, r-oldrel-macos-x86_64, r-oldrel-windows-x86_64