Last updated on 2024-03-28 09:51:38 CET.
Flavor | Version | Tinstall | Tcheck | Ttotal | Status | Flags |
---|---|---|---|---|---|---|
r-devel-linux-x86_64-debian-clang | 0.3.0 | 40.71 | 260.01 | 300.72 | OK | |
r-devel-linux-x86_64-debian-gcc | 0.3.0 | 34.61 | 180.17 | 214.78 | OK | |
r-devel-linux-x86_64-fedora-clang | 0.3.0 | 357.22 | OK | |||
r-devel-linux-x86_64-fedora-gcc | 0.3.0 | 364.63 | OK | |||
r-devel-windows-x86_64 | 0.3.0 | 37.00 | 169.00 | 206.00 | OK | |
r-patched-linux-x86_64 | 0.3.0 | 38.39 | 253.23 | 291.62 | OK | |
r-release-linux-x86_64 | 0.3.0 | 41.58 | 253.60 | 295.18 | OK | |
r-release-macos-arm64 | 0.3.0 | 138.00 | NOTE | |||
r-release-macos-x86_64 | 0.3.0 | 203.00 | OK | |||
r-release-windows-x86_64 | 0.3.0 | 49.00 | 216.00 | 265.00 | OK | |
r-oldrel-macos-arm64 | 0.3.0 | 141.00 | OK | |||
r-oldrel-windows-x86_64 | 0.3.0 | 49.00 | 211.00 | 260.00 | OK |
Version: 0.3.0
Check: installed package size
Result: NOTE
installed size is 5.1Mb
sub-directories of 1Mb or more:
data 4.9Mb
Flavor: r-release-macos-arm64