CRAN Package Check Results for Package brmsmargins

Last updated on 2024-02-24 11:49:21 CET.

Flavor Version Tinstall Tcheck Ttotal Status Flags
r-devel-linux-x86_64-debian-clang 0.2.0 121.23 266.25 387.48 NOTE
r-devel-linux-x86_64-debian-gcc 0.2.0 84.12 208.10 292.22 NOTE
r-devel-linux-x86_64-fedora-clang 0.2.0 533.27 NOTE
r-devel-linux-x86_64-fedora-gcc 0.2.0 510.08 NOTE
r-devel-windows-x86_64 0.2.0 82.00 199.00 281.00 NOTE
r-patched-linux-x86_64 0.2.0 113.85 269.19 383.04 NOTE
r-release-linux-x86_64 0.2.0 87.50 264.90 352.40 NOTE
r-release-macos-arm64 0.2.0 118.00 NOTE
r-release-macos-x86_64 0.2.0 193.00 NOTE
r-release-windows-x86_64 0.2.0 108.00 251.00 359.00 NOTE
r-oldrel-macos-arm64 0.2.0 109.00 NOTE
r-oldrel-windows-x86_64 0.2.0 108.00 250.00 358.00 OK

Check Details

Version: 0.2.0
Check: C++ specification
Result: NOTE Specified C++11: please drop specification unless essential Flavors: r-devel-linux-x86_64-debian-clang, r-devel-linux-x86_64-debian-gcc, r-devel-linux-x86_64-fedora-clang, r-devel-linux-x86_64-fedora-gcc, r-devel-windows-x86_64, r-patched-linux-x86_64, r-release-linux-x86_64, r-release-macos-arm64, r-release-macos-x86_64, r-release-windows-x86_64

Version: 0.2.0
Check: Rd files
Result: NOTE checkRd: (-1) assertall.Rd:45: Lost braces in \itemize; meant \describe ? checkRd: (-1) assertall.Rd:46: Lost braces in \itemize; meant \describe ? checkRd: (-1) assertall.Rd:47: Lost braces in \itemize; meant \describe ? checkRd: (-1) assertall.Rd:48: Lost braces in \itemize; meant \describe ? checkRd: (-1) brmsmargins.Rd:129: Lost braces in \itemize; \value handles \item{}{} directly checkRd: (-1) brmsmargins.Rd:130: Lost braces in \itemize; \value handles \item{}{} directly checkRd: (-1) brmsmargins.Rd:131: Lost braces in \itemize; \value handles \item{}{} directly checkRd: (-1) brmsmargins.Rd:132: Lost braces in \itemize; \value handles \item{}{} directly checkRd: (-1) builders.Rd:50: Lost braces in \itemize; meant \describe ? checkRd: (-1) builders.Rd:51: Lost braces in \itemize; meant \describe ? checkRd: (-1) builders.Rd:52: Lost braces in \itemize; meant \describe ? checkRd: (-1) builders.Rd:53: Lost braces in \itemize; meant \describe ? checkRd: (-1) builders.Rd:54: Lost braces in \itemize; meant \describe ? checkRd: (-1) builders.Rd:55: Lost braces in \itemize; meant \describe ? Flavors: r-devel-linux-x86_64-debian-clang, r-devel-linux-x86_64-debian-gcc

Version: 0.2.0
Check: installed package size
Result: NOTE installed size is 5.3Mb sub-directories of 1Mb or more: doc 2.7Mb libs 2.5Mb Flavors: r-release-macos-arm64, r-release-macos-x86_64, r-oldrel-macos-arm64